CRAN Package Check Results for Package webuse

Last updated on 2019-03-24 03:47:36 CET.

Flavor Version Tinstall Tcheck Ttotal Status Flags
r-devel-linux-x86_64-debian-clang 0.1.3 2.14 25.00 27.14 OK
r-devel-linux-x86_64-debian-gcc 0.1.3 1.99 20.23 22.22 OK
r-devel-linux-x86_64-fedora-clang 0.1.3 33.18 OK
r-devel-linux-x86_64-fedora-gcc 0.1.3 32.09 OK
r-devel-windows-ix86+x86_64 0.1.3 8.00 53.00 61.00 OK
r-patched-linux-x86_64 0.1.3 1.28 24.18 25.46 OK
r-patched-solaris-x86 0.1.3 48.60 OK
r-release-linux-x86_64 0.1.3 0.31 1.86 2.17 ERROR
r-release-windows-ix86+x86_64 0.1.3 3.00 42.00 45.00 OK
r-release-osx-x86_64 0.1.3 OK
r-oldrel-windows-ix86+x86_64 0.1.3 5.00 58.00 63.00 OK
r-oldrel-osx-x86_64 0.1.3 OK

Check Details

Version: 0.1.3
Check: whether package can be installed
Result: ERROR
    Installation failed.
Flavor: r-release-linux-x86_64