CRAN Package Check Results for Package whisker

Last updated on 2019-08-24 11:47:02 CEST.

Flavor Version Tinstall Tcheck Ttotal Status Flags
r-devel-linux-x86_64-debian-clang 0.3-2 1.98 17.80 19.78 NOTE
r-devel-linux-x86_64-debian-gcc 0.3-2 1.69 14.51 16.20 NOTE
r-devel-linux-x86_64-fedora-clang 0.3-2 24.24 NOTE
r-devel-linux-x86_64-fedora-gcc 0.3-2 26.65 NOTE
r-devel-windows-ix86+x86_64 0.3-2 6.00 43.00 49.00 NOTE
r-patched-linux-x86_64 0.3-2 1.72 17.95 19.67 NOTE
r-patched-solaris-x86 0.3-2 37.20 NOTE
r-release-linux-x86_64 0.3-2 1.63 17.99 19.62 NOTE
r-release-windows-ix86+x86_64 0.3-2 5.00 44.00 49.00 NOTE
r-release-osx-x86_64 0.3-2 NOTE
r-oldrel-windows-ix86+x86_64 0.3-2 9.00 38.00 47.00 NOTE
r-oldrel-osx-x86_64 0.3-2 NOTE

Check Details

Version: 0.3-2
Check: DESCRIPTION meta-information
Result: NOTE
    Malformed Description field: should contain one or more complete sentences.
Flavors: r-devel-linux-x86_64-debian-clang, r-devel-linux-x86_64-debian-gcc, r-devel-linux-x86_64-fedora-clang, r-devel-linux-x86_64-fedora-gcc, r-devel-windows-ix86+x86_64, r-patched-linux-x86_64, r-patched-solaris-x86, r-release-linux-x86_64, r-release-windows-ix86+x86_64, r-release-osx-x86_64, r-oldrel-windows-ix86+x86_64, r-oldrel-osx-x86_64

Version: 0.3-2
Check: dependencies in R code
Result: NOTE
    'library' or 'require' call to 'markdown' in package code.
     Please use :: or requireNamespace() instead.
     See section 'Suggested packages' in the 'Writing R Extensions' manual.
Flavors: r-devel-linux-x86_64-debian-clang, r-devel-linux-x86_64-debian-gcc, r-devel-linux-x86_64-fedora-clang, r-devel-linux-x86_64-fedora-gcc, r-devel-windows-ix86+x86_64, r-patched-linux-x86_64, r-patched-solaris-x86, r-release-linux-x86_64, r-release-windows-ix86+x86_64, r-release-osx-x86_64, r-oldrel-windows-ix86+x86_64, r-oldrel-osx-x86_64