CRAN Package Check Results for Package whoami

Last updated on 2021-05-10 18:50:57 CEST.

Flavor Version Tinstall Tcheck Ttotal Status Flags
r-devel-linux-x86_64-debian-clang 1.3.0 2.19 25.49 27.68 OK
r-devel-linux-x86_64-debian-gcc 1.3.0 1.71 20.17 21.88 OK
r-devel-linux-x86_64-fedora-clang 1.3.0 44.21 OK
r-devel-linux-x86_64-fedora-gcc 1.3.0 31.76 OK
r-devel-windows-ix86+x86_64 1.3.0 5.00 41.00 46.00 OK
r-devel-windows-x86_64-gcc10-UCRT 1.3.0 OK
r-patched-linux-x86_64 1.3.0 2.36 24.94 27.30 OK
r-patched-solaris-x86 1.3.0 51.30 OK
r-release-linux-x86_64 1.3.0 2.05 24.46 26.51 OK
r-release-macos-x86_64 1.3.0 OK
r-release-windows-ix86+x86_64 1.3.0 4.00 32.00 36.00 OK
r-oldrel-macos-x86_64 1.3.0 OK
r-oldrel-windows-ix86+x86_64 1.3.0 4.00 39.00 43.00 WARN

Check Details

Version: 1.3.0
Check: for unstated dependencies in examples
Result: WARN
    Warning in file(out, "wt") :
     cannot open file 'D:\temp\RtmpgVroEZ\filea9bc418ca8/username.R': No space left on device
    Error in file(out, "wt") : cannot open the connection
    Execution halted
Flavor: r-oldrel-windows-ix86+x86_64