CRAN Package Check Results for Package widals

Last updated on 2024-07-22 14:59:42 CEST.

Flavor Version Tinstall Tcheck Ttotal Status Flags
r-devel-linux-x86_64-debian-clang 0.6.1 4.74 58.07 62.81 OK
r-devel-linux-x86_64-debian-gcc 0.6.1 3.66 44.62 48.28 NOTE
r-devel-linux-x86_64-fedora-clang 0.6.1 79.48 OK
r-devel-linux-x86_64-fedora-gcc 0.6.1 87.68 OK
r-devel-windows-x86_64 0.6.1 8.00 178.00 186.00 NOTE
r-patched-linux-x86_64 0.6.1 6.16 56.29 62.45 OK
r-release-linux-x86_64 0.6.1 4.49 57.42 61.91 OK
r-release-macos-arm64 0.6.1 66.00 OK
r-release-macos-x86_64 0.6.1 111.00 OK
r-release-windows-x86_64 0.6.1 7.00 174.00 181.00 OK
r-oldrel-macos-arm64 0.6.1 115.00 OK
r-oldrel-macos-x86_64 0.6.1 186.00 NOTE
r-oldrel-windows-x86_64 0.6.1 8.00 199.00 207.00 OK

Check Details

Version: 0.6.1
Check: Rd cross-references
Result: NOTE Found the following Rd file(s) with Rd \link{} targets missing package anchors: Hals.fastcv.snow.Rd: snowfall Hals.snow.Rd: snowfall fun.load.Rd: snowfall widals.snow.Rd: snowfall Please provide package anchors for all Rd \link{} targets not in the package itself and the base packages. Flavors: r-devel-linux-x86_64-debian-gcc, r-devel-windows-x86_64

Version: 0.6.1
Check: re-building of vignette outputs
Result: NOTE Error(s) in re-building vignettes: --- re-building ‘funwithfunload.Snw’ using Sweave Error: processing vignette 'funwithfunload.Snw' failed with diagnostics: Running 'texi2dvi' on 'funwithfunload.tex' failed. LaTeX errors: ! LaTeX Error: File `supertabular.sty' not found. Type X to quit or <RETURN> to proceed, or enter new name. (Default extension: sty) ! Emergency stop. <read *> l.12 \usepackage {wasysym}^^M ! ==> Fatal error occurred, no output PDF file produced! --- failed re-building ‘funwithfunload.Snw’ --- re-building ‘widals.Snw’ using Sweave Loading required package: snow snowfall 1.84-6.2 initialized (using snow 0.4-4): parallel execution on 2 CPUs. Library widals loaded in cluster. Library widals loaded in cluster. Stopping cluster snowfall 1.84-6.2 initialized (using snow 0.4-4): parallel execution on 2 CPUs. Library widals loaded in cluster. Stopping cluster snowfall 1.84-6.2 initialized (using snow 0.4-4): parallel execution on 2 CPUs. Library widals loaded in cluster. Stopping cluster snowfall 1.84-6.2 initialized (using snow 0.4-4): parallel execution on 2 CPUs. Library widals loaded in cluster. Stopping cluster snowfall 1.84-6.2 initialized (using snow 0.4-4): parallel execution on 2 CPUs. Library widals loaded in cluster. Stopping cluster snowfall 1.84-6.2 initialized (using snow 0.4-4): parallel execution on 2 CPUs. Library widals loaded in cluster. Stopping cluster snowfall 1.84-6.2 initialized (using snow 0.4-4): parallel execution on 2 CPUs. Library widals loaded in cluster. Library widals loaded in cluster. Stopping cluster Error: processing vignette 'widals.Snw' failed with diagnostics: Running 'texi2dvi' on 'widals.tex' failed. LaTeX errors: ! LaTeX Error: File `supertabular.sty' not found. Type X to quit or <RETURN> to proceed, or enter new name. (Default extension: sty) ! Emergency stop. <read *> l.12 \usepackage {wasysym}^^M ! ==> Fatal error occurred, no output PDF file produced! --- failed re-building ‘widals.Snw’ SUMMARY: processing the following files failed: ‘funwithfunload.Snw’ ‘widals.Snw’ Error: Vignette re-building failed. Execution halted Flavor: r-oldrel-macos-x86_64