CRAN Package Check Results for Package wiesbaden

Last updated on 2020-08-12 01:47:19 CEST.

Flavor Version Tinstall Tcheck Ttotal Status Flags
r-devel-linux-x86_64-debian-clang 1.2.3 4.47 39.07 43.54 OK
r-devel-linux-x86_64-debian-gcc 1.2.3 3.49 29.89 33.38 NOTE
r-devel-linux-x86_64-fedora-clang 1.2.3 59.64 OK
r-devel-linux-x86_64-fedora-gcc 1.2.3 50.04 OK
r-devel-windows-ix86+x86_64 1.2.3 14.00 80.00 94.00 OK
r-patched-linux-x86_64 1.2.3 4.52 38.14 42.66 OK
r-patched-solaris-x86 1.2.3 76.80 OK
r-release-linux-x86_64 1.2.3 4.36 37.61 41.97 NOTE
r-release-macos-x86_64 1.2.3 OK
r-release-windows-ix86+x86_64 1.2.3 22.00 55.00 77.00 OK
r-oldrel-macos-x86_64 1.2.3 OK
r-oldrel-windows-ix86+x86_64 1.2.3 11.00 57.00 68.00 OK

Check Details

Version: 1.2.3
Check: package dependencies
Result: NOTE
    Package suggested but not available for checking: ‘tidyverse’
Flavors: r-devel-linux-x86_64-debian-gcc, r-release-linux-x86_64