CRAN Package Check Results for Package wikilake

Last updated on 2018-08-20 09:48:03 CEST.

Flavor Version Tinstall Tcheck Ttotal Status Flags
r-devel-linux-x86_64-debian-clang 0.4 2.58 39.24 41.82 OK
r-devel-linux-x86_64-debian-gcc 0.4 1.74 31.63 33.37 OK
r-devel-linux-x86_64-fedora-clang 0.4 48.30 NOTE
r-devel-linux-x86_64-fedora-gcc 0.4 48.12 NOTE
r-devel-windows-ix86+x86_64 0.4 8.00 64.00 72.00 OK
r-patched-linux-x86_64 0.4 2.00 34.56 36.56 OK
r-patched-solaris-x86 0.4 75.60 NOTE
r-release-linux-x86_64 0.4 2.36 34.67 37.03 OK
r-release-windows-ix86+x86_64 0.4 7.00 53.00 60.00 OK
r-release-osx-x86_64 0.4 NOTE
r-oldrel-windows-ix86+x86_64 0.4 5.00 90.00 95.00 OK
r-oldrel-osx-x86_64 0.4 NOTE

Check Details

Version: 0.4
Check: data for non-ASCII characters
Result: NOTE
     Note: found 2 marked UTF-8 strings
Flavors: r-devel-linux-x86_64-fedora-clang, r-devel-linux-x86_64-fedora-gcc, r-patched-solaris-x86, r-release-osx-x86_64, r-oldrel-osx-x86_64