CRAN Package Check Results for Package wikilake

Last updated on 2018-11-19 05:48:44 CET.

Flavor Version Tinstall Tcheck Ttotal Status Flags
r-devel-linux-x86_64-debian-clang OK
r-devel-linux-x86_64-debian-gcc 0.4 2.13 29.98 32.11 OK
r-devel-linux-x86_64-fedora-clang 0.4 46.69 NOTE
r-devel-linux-x86_64-fedora-gcc 0.4 45.71 NOTE
r-devel-windows-ix86+x86_64 0.4 7.00 49.00 56.00 OK
r-patched-linux-x86_64 0.4 2.61 34.73 37.34 OK
r-patched-solaris-x86 0.4 73.90 NOTE
r-release-linux-x86_64 0.4 2.49 34.22 36.71 OK
r-release-windows-ix86+x86_64 0.4 7.00 55.00 62.00 OK
r-release-osx-x86_64 0.4 NOTE
r-oldrel-windows-ix86+x86_64 0.4 7.00 72.00 79.00 OK
r-oldrel-osx-x86_64 0.4 NOTE

Check Details

Version: 0.4
Check: data for non-ASCII characters
Result: NOTE
     Note: found 2 marked UTF-8 strings
Flavors: r-devel-linux-x86_64-fedora-clang, r-devel-linux-x86_64-fedora-gcc, r-patched-solaris-x86, r-release-osx-x86_64, r-oldrel-osx-x86_64