CRAN Package Check Results for Package wikilake

Last updated on 2019-02-21 01:51:07 CET.

Flavor Version Tinstall Tcheck Ttotal Status Flags
r-devel-linux-x86_64-debian-clang 0.4 2.80 37.01 39.81 OK
r-devel-linux-x86_64-debian-gcc 0.4 2.45 30.04 32.49 OK
r-devel-linux-x86_64-fedora-clang 0.4 47.66 NOTE
r-devel-linux-x86_64-fedora-gcc 0.4 47.69 NOTE
r-devel-windows-ix86+x86_64 0.4 8.00 75.00 83.00 OK
r-patched-linux-x86_64 0.4 OK
r-patched-solaris-x86 0.4 79.90 NOTE
r-release-linux-x86_64 0.4 OK
r-release-windows-ix86+x86_64 0.4 6.00 73.00 79.00 OK
r-release-osx-x86_64 0.4 NOTE
r-oldrel-windows-ix86+x86_64 0.4 5.00 74.00 79.00 OK
r-oldrel-osx-x86_64 0.4 NOTE

Check Details

Version: 0.4
Check: data for non-ASCII characters
Result: NOTE
     Note: found 2 marked UTF-8 strings
Flavors: r-devel-linux-x86_64-fedora-clang, r-devel-linux-x86_64-fedora-gcc, r-patched-solaris-x86, r-release-osx-x86_64, r-oldrel-osx-x86_64