CRAN Package Check Results for Package wikilake

Last updated on 2018-02-21 18:48:24 CET.

Flavor Version Tinstall Tcheck Ttotal Status Flags
r-devel-linux-x86_64-debian-clang 0.3 2.62 37.76 40.38 OK
r-devel-linux-x86_64-debian-gcc 0.3 2.19 29.73 31.92 OK
r-devel-linux-x86_64-fedora-clang 0.3 50.33 NOTE
r-devel-linux-x86_64-fedora-gcc 0.3 47.43 NOTE
r-devel-windows-ix86+x86_64 0.3 5.00 62.00 67.00 OK
r-patched-linux-x86_64 0.3 1.88 40.63 42.51 OK
r-patched-solaris-x86 0.3 73.30 NOTE
r-release-linux-x86_64 0.3 2.41 40.34 42.75 OK
r-release-windows-ix86+x86_64 0.3 7.00 71.00 78.00 OK
r-release-osx-x86_64 0.3 NOTE
r-oldrel-windows-ix86+x86_64 0.3 5.00 49.00 54.00 OK
r-oldrel-osx-x86_64 0.3 NOTE

Check Details

Version: 0.3
Check: data for non-ASCII characters
Result: NOTE
     Note: found 4 marked UTF-8 strings
Flavors: r-devel-linux-x86_64-fedora-clang, r-devel-linux-x86_64-fedora-gcc, r-patched-solaris-x86, r-release-osx-x86_64, r-oldrel-osx-x86_64