CRAN Package Check Results for Package wikilake

Last updated on 2018-05-24 04:50:03 CEST.

Flavor Version Tinstall Tcheck Ttotal Status Flags
r-devel-linux-x86_64-debian-clang 0.3 2.56 32.27 34.83 OK
r-devel-linux-x86_64-debian-gcc 0.3 1.99 29.32 31.31 OK
r-devel-linux-x86_64-fedora-clang 0.3 46.38 NOTE
r-devel-linux-x86_64-fedora-gcc 0.3 44.73 NOTE
r-devel-windows-ix86+x86_64 0.3 5.00 83.00 88.00 OK
r-patched-linux-x86_64 0.3 2.31 32.92 35.23 OK
r-patched-solaris-x86 0.3 71.60 NOTE
r-release-linux-x86_64 0.3 2.56 33.20 35.76 OK
r-release-windows-ix86+x86_64 0.3 6.00 72.00 78.00 OK
r-release-osx-x86_64 0.3 NOTE
r-oldrel-windows-ix86+x86_64 0.3 8.00 54.00 62.00 OK
r-oldrel-osx-x86_64 0.3 NOTE

Check Details

Version: 0.3
Check: data for non-ASCII characters
Result: NOTE
     Note: found 4 marked UTF-8 strings
Flavors: r-devel-linux-x86_64-fedora-clang, r-devel-linux-x86_64-fedora-gcc, r-patched-solaris-x86, r-release-osx-x86_64, r-oldrel-osx-x86_64