CRAN Package Check Results for Package wikitaxa

Last updated on 2021-10-26 05:13:45 CEST.

Flavor Version Tinstall Tcheck Ttotal Status Flags
r-devel-linux-x86_64-debian-clang 0.4.0 3.32 31.08 34.40 OK
r-devel-linux-x86_64-debian-gcc 0.4.0 2.57 24.03 26.60 OK
r-devel-linux-x86_64-fedora-clang 0.4.0 51.97 NOTE
r-devel-linux-x86_64-fedora-gcc 0.4.0 41.04 OK
r-devel-windows-x86_64 0.4.0 6.00 43.00 49.00 OK
r-devel-windows-x86_64-gcc10-UCRT 0.4.0 OK
r-patched-linux-x86_64 0.4.0 3.56 29.66 33.22 OK
r-patched-solaris-x86 0.4.0 61.80 OK
r-release-linux-x86_64 0.4.0 3.08 29.80 32.88 OK
r-release-macos-arm64 0.4.0 OK
r-release-macos-x86_64 0.4.0 OK
r-release-windows-ix86+x86_64 0.4.0 6.00 51.00 57.00 OK
r-oldrel-macos-x86_64 0.4.0 OK
r-oldrel-windows-ix86+x86_64 0.4.0 8.00 49.00 57.00 OK

Check Details

Version: 0.4.0
Check: Rd cross-references
Result: NOTE
    Undeclared package ‘httr’ in Rd xrefs
Flavor: r-devel-linux-x86_64-fedora-clang