CRAN Package Check Results for Package wildviz

Last updated on 2022-08-14 11:06:36 CEST.

Flavor Version Tinstall Tcheck Ttotal Status Flags
r-devel-linux-x86_64-debian-clang 0.1.2 43.24 86.99 130.23 OK
r-devel-linux-x86_64-debian-gcc 0.1.2 38.44 64.79 103.23 OK
r-devel-linux-x86_64-fedora-clang 0.1.2 180.77 NOTE
r-devel-linux-x86_64-fedora-gcc 0.1.2 173.05 NOTE
r-devel-windows-x86_64 0.1.2 46.00 112.00 158.00 OK
r-patched-linux-x86_64 0.1.2 31.72 82.51 114.23 OK
r-release-linux-x86_64 0.1.2 39.33 81.18 120.51 OK
r-release-macos-arm64 0.1.2 70.00 NOTE
r-release-macos-x86_64 0.1.2 94.00 NOTE
r-release-windows-x86_64 0.1.2 50.00 114.00 164.00 OK
r-oldrel-macos-arm64 0.1.2 88.00 NOTE
r-oldrel-macos-x86_64 0.1.2 79.00 NOTE
r-oldrel-windows-ix86+x86_64 0.1.2 70.00 105.00 175.00 OK

Check Details

Version: 0.1.2
Check: dependencies in R code
Result: NOTE
    Namespaces in Imports field not imported from:
     ‘ggplot2’ ‘ggthemes’ ‘plotly’ ‘shinythemes’
     All declared Imports should be used.
Flavors: r-devel-linux-x86_64-fedora-clang, r-devel-linux-x86_64-fedora-gcc, r-release-macos-arm64, r-release-macos-x86_64, r-oldrel-macos-arm64, r-oldrel-macos-x86_64

Version: 0.1.2
Check: installed package size
Result: NOTE
     installed size is 5.5Mb
     sub-directories of 1Mb or more:
     data 5.1Mb
Flavors: r-release-macos-arm64, r-oldrel-macos-arm64