CRAN Package Check Results for Package wilson

Last updated on 2022-10-07 20:52:41 CEST.

Flavor Version Tinstall Tcheck Ttotal Status Flags
r-devel-linux-x86_64-debian-clang 2.4.2 11.20 108.53 119.73 OK
r-devel-linux-x86_64-debian-gcc 2.4.2 9.87 79.31 89.18 OK
r-devel-linux-x86_64-fedora-clang 2.4.2 159.76 NOTE
r-devel-linux-x86_64-fedora-gcc 2.4.2 161.96 OK
r-devel-windows-x86_64 2.4.2 34.00 138.00 172.00 OK
r-patched-linux-x86_64 2.4.2 12.66 99.19 111.85 OK
r-release-linux-x86_64 2.4.2 9.91 100.48 110.39 OK
r-release-macos-arm64 2.4.2 44.00 OK
r-release-macos-x86_64 2.4.2 70.00 OK
r-release-windows-x86_64 2.4.2 27.00 130.00 157.00 OK
r-oldrel-macos-arm64 2.4.2 59.00 OK
r-oldrel-macos-x86_64 2.4.2 78.00 OK
r-oldrel-windows-ix86+x86_64 2.4.2 28.00 127.00 155.00 OK

Check Details

Version: 2.4.2
Check: package dependencies
Result: NOTE
    Imports includes 31 non-default packages.
    Importing from so many packages makes the package vulnerable to any of
    them becoming unavailable. Move as many as possible to Suggests and
    use conditionally.
Flavor: r-devel-linux-x86_64-fedora-clang