CRAN Package Check Results for Package windAC

Last updated on 2023-12-01 12:52:39 CET.

Flavor Version Tinstall Tcheck Ttotal Status Flags
r-devel-linux-x86_64-debian-clang 1.2.10 6.09 77.80 83.89 NOTE
r-devel-linux-x86_64-debian-gcc 1.2.10 4.76 57.54 62.30 NOTE
r-devel-linux-x86_64-fedora-clang 1.2.10 107.31 OK
r-devel-linux-x86_64-fedora-gcc 1.2.10 98.04 OK
r-devel-windows-x86_64 1.2.10 8.00 80.00 88.00 OK
r-patched-linux-x86_64 1.2.10 6.18 74.13 80.31 OK
r-release-linux-x86_64 1.2.10 4.93 73.22 78.15 OK
r-release-macos-arm64 1.2.10 34.00 OK
r-release-macos-x86_64 1.2.10 53.00 OK
r-release-windows-x86_64 1.2.10 10.00 97.00 107.00 OK
r-oldrel-macos-arm64 1.2.10 31.00 OK
r-oldrel-macos-x86_64 1.2.10 44.00 OK
r-oldrel-windows-x86_64 1.2.10 9.00 94.00 103.00 OK

Check Details

Version: 1.2.10
Check: Rd files
Result: NOTE checkRd: (-1) secondDerivative.Rd:14: Lost braces 14 | This must be a function of the form FUN <- function(x, ...){...} | ^ checkRd: (-1) windAC.Rd:31: Lost braces in \itemize; meant \describe ? checkRd: (-1) windAC.Rd:32: Lost braces in \itemize; meant \describe ? checkRd: (-1) windAC.Rd:33: Lost braces in \itemize; meant \describe ? Flavors: r-devel-linux-x86_64-debian-clang, r-devel-linux-x86_64-debian-gcc