CRAN Package Check Results for Package windsoraiR

Last updated on 2022-05-28 14:53:55 CEST.

Flavor Version Tinstall Tcheck Ttotal Status Flags
r-devel-linux-x86_64-debian-clang 0.1.2 1.77 37.84 39.61 OK
r-devel-linux-x86_64-debian-gcc 0.1.2 1.60 28.86 30.46 OK
r-devel-linux-x86_64-fedora-clang 0.1.2 48.07 NOTE
r-devel-linux-x86_64-fedora-gcc 0.1.2 35.94 NOTE
r-devel-windows-x86_64 0.1.2 14.00 56.00 70.00 OK
r-patched-linux-x86_64 0.1.2 1.59 36.53 38.12 OK
r-release-linux-x86_64 0.1.2 1.40 35.63 37.03 OK
r-release-macos-arm64 0.1.2 18.00 NOTE
r-release-macos-x86_64 0.1.2 25.00 NOTE
r-release-windows-x86_64 0.1.2 15.00 56.00 71.00 OK
r-oldrel-macos-arm64 0.1.2 24.00 NOTE
r-oldrel-macos-x86_64 0.1.2 33.00 NOTE
r-oldrel-windows-ix86+x86_64 0.1.2 6.00 45.00 51.00 OK

Check Details

Version: 0.1.2
Check: data for non-ASCII characters
Result: NOTE
     Note: found 1 marked UTF-8 string
Flavors: r-devel-linux-x86_64-fedora-clang, r-devel-linux-x86_64-fedora-gcc, r-release-macos-arm64, r-release-macos-x86_64, r-oldrel-macos-arm64, r-oldrel-macos-x86_64