CRAN Package Check Results for Package wingui

Last updated on 2018-11-17 12:51:46 CET.

Flavor Version Tinstall Tcheck Ttotal Status Flags
r-devel-linux-x86_64-debian-clang 0.2 2.26 23.68 25.94 OK
r-devel-linux-x86_64-debian-gcc 0.2 1.83 19.13 20.96 OK
r-devel-linux-x86_64-fedora-clang 0.2 35.45 NOTE
r-devel-linux-x86_64-fedora-gcc 0.2 29.83 NOTE
r-devel-windows-ix86+x86_64 0.2 54.00 77.00 131.00 NOTE
r-patched-linux-x86_64 0.2 2.14 22.65 24.79 OK
r-patched-solaris-x86 0.2 51.70 OK
r-release-linux-x86_64 0.2 2.16 22.03 24.19 OK
r-release-windows-ix86+x86_64 0.2 51.00 74.00 125.00 NOTE
r-release-osx-x86_64 0.2 OK
r-oldrel-windows-ix86+x86_64 0.2 51.00 74.00 125.00 NOTE
r-oldrel-osx-x86_64 0.2 OK

Check Details

Version: 0.2
Check: compiled code
Result: NOTE
    File ‘wingui/libs/wingui.so’:
     Found no calls to: ‘R_registerRoutines’, ‘R_useDynamicSymbols’
    
    It is good practice to register native routines and to disable symbol
    search.
    
    See ‘Writing portable packages’ in the ‘Writing R Extensions’ manual.
Flavors: r-devel-linux-x86_64-fedora-clang, r-devel-linux-x86_64-fedora-gcc

Version: 0.2
Check: R code for possible problems
Result: NOTE
    .__A__.1 : <anonymous>: no visible binding for global variable '.hwnd'
    Undefined global functions or variables:
     .hwnd
Flavors: r-devel-windows-ix86+x86_64, r-release-windows-ix86+x86_64, r-oldrel-windows-ix86+x86_64