CRAN Package Check Results for Package wingui

Last updated on 2018-05-21 07:47:38 CEST.

Flavor Version Tinstall Tcheck Ttotal Status Flags
r-devel-linux-x86_64-debian-clang 0.2 1.96 21.14 23.10 NOTE
r-devel-linux-x86_64-debian-gcc 0.2 1.93 19.09 21.02 NOTE
r-devel-linux-x86_64-fedora-clang 0.2 32.16 NOTE
r-devel-linux-x86_64-fedora-gcc 0.2 30.26 NOTE
r-devel-windows-ix86+x86_64 0.2 52.00 78.00 130.00 NOTE
r-patched-linux-x86_64 0.2 2.23 22.32 24.55 NOTE
r-patched-solaris-x86 0.2 48.40 OK
r-release-linux-x86_64 0.2 2.14 22.12 24.26 NOTE
r-release-windows-ix86+x86_64 0.2 45.00 89.00 134.00 NOTE
r-release-osx-x86_64 0.2 OK
r-oldrel-windows-ix86+x86_64 0.2 36.00 80.00 116.00 NOTE
r-oldrel-osx-x86_64 0.2 OK

Check Details

Version: 0.2
Check: compiled code
Result: NOTE
    File ‘wingui/libs/wingui.so’:
     Found no calls to: ‘R_registerRoutines’, ‘R_useDynamicSymbols’
    
    It is good practice to register native routines and to disable symbol
    search.
    
    See ‘Writing portable packages’ in the ‘Writing R Extensions’ manual.
Flavors: r-devel-linux-x86_64-debian-clang, r-devel-linux-x86_64-debian-gcc, r-devel-linux-x86_64-fedora-clang, r-devel-linux-x86_64-fedora-gcc, r-patched-linux-x86_64, r-release-linux-x86_64

Version: 0.2
Check: R code for possible problems
Result: NOTE
    .__A__.1 : <anonymous>: no visible binding for global variable '.hwnd'
    Undefined global functions or variables:
     .hwnd
Flavors: r-devel-windows-ix86+x86_64, r-release-windows-ix86+x86_64, r-oldrel-windows-ix86+x86_64