CRAN Package Check Results for Package wingui

Last updated on 2018-08-21 08:49:18 CEST.

Flavor Version Tinstall Tcheck Ttotal Status Flags
r-devel-linux-x86_64-debian-clang 0.2 2.33 25.20 27.53 NOTE
r-devel-linux-x86_64-debian-gcc 0.2 1.65 20.40 22.05 NOTE
r-devel-linux-x86_64-fedora-clang 0.2 32.76 NOTE
r-devel-linux-x86_64-fedora-gcc 0.2 32.08 NOTE
r-devel-windows-ix86+x86_64 0.2 50.00 82.00 132.00 NOTE
r-patched-linux-x86_64 0.2 1.81 22.78 24.59 NOTE
r-patched-solaris-x86 0.2 47.60 OK
r-release-linux-x86_64 0.2 2.03 22.39 24.42 NOTE
r-release-windows-ix86+x86_64 0.2 49.00 57.00 106.00 NOTE
r-release-osx-x86_64 0.2 OK
r-oldrel-windows-ix86+x86_64 0.2 39.00 79.00 118.00 NOTE
r-oldrel-osx-x86_64 0.2 OK

Check Details

Version: 0.2
Check: compiled code
Result: NOTE
    File ‘wingui/libs/wingui.so’:
     Found no calls to: ‘R_registerRoutines’, ‘R_useDynamicSymbols’
    
    It is good practice to register native routines and to disable symbol
    search.
    
    See ‘Writing portable packages’ in the ‘Writing R Extensions’ manual.
Flavors: r-devel-linux-x86_64-debian-clang, r-devel-linux-x86_64-debian-gcc, r-devel-linux-x86_64-fedora-clang, r-devel-linux-x86_64-fedora-gcc, r-patched-linux-x86_64, r-release-linux-x86_64

Version: 0.2
Check: R code for possible problems
Result: NOTE
    .__A__.1 : <anonymous>: no visible binding for global variable '.hwnd'
    Undefined global functions or variables:
     .hwnd
Flavors: r-devel-windows-ix86+x86_64, r-release-windows-ix86+x86_64, r-oldrel-windows-ix86+x86_64