CRAN Package Check Results for Package wingui

Last updated on 2018-02-24 20:48:51 CET.

Flavor Version Tinstall Tcheck Ttotal Status Flags
r-devel-linux-x86_64-debian-clang 0.2 2.21 22.48 24.69 NOTE
r-devel-linux-x86_64-debian-gcc 0.2 1.55 18.04 19.59 NOTE
r-devel-linux-x86_64-fedora-clang 0.2 29.44 NOTE
r-devel-linux-x86_64-fedora-gcc 0.2 27.62 NOTE
r-devel-windows-ix86+x86_64 0.2 60.00 74.00 134.00 NOTE
r-patched-linux-x86_64 0.2 1.61 22.50 24.11 NOTE
r-patched-solaris-x86 0.2 40.00 OK
r-release-linux-x86_64 0.2 1.37 22.37 23.74 NOTE
r-release-windows-ix86+x86_64 0.2 36.00 68.00 104.00 NOTE
r-release-osx-x86_64 0.2 OK
r-oldrel-windows-ix86+x86_64 0.2 38.00 49.00 87.00 NOTE
r-oldrel-osx-x86_64 0.2 OK

Check Details

Version: 0.2
Check: compiled code
Result: NOTE
    File ‘wingui/libs/wingui.so’:
     Found no calls to: ‘R_registerRoutines’, ‘R_useDynamicSymbols’
    
    It is good practice to register native routines and to disable symbol
    search.
    
    See ‘Writing portable packages’ in the ‘Writing R Extensions’ manual.
Flavors: r-devel-linux-x86_64-debian-clang, r-devel-linux-x86_64-debian-gcc, r-devel-linux-x86_64-fedora-clang, r-devel-linux-x86_64-fedora-gcc, r-patched-linux-x86_64, r-release-linux-x86_64

Version: 0.2
Check: R code for possible problems
Result: NOTE
    .__A__.1 : <anonymous>: no visible binding for global variable '.hwnd'
    Undefined global functions or variables:
     .hwnd
Flavors: r-devel-windows-ix86+x86_64, r-release-windows-ix86+x86_64, r-oldrel-windows-ix86+x86_64