CRAN Package Check Results for Package wingui

Last updated on 2019-02-16 13:46:44 CET.

Flavor Version Tinstall Tcheck Ttotal Status Flags
r-devel-linux-x86_64-debian-clang 0.2 2.31 24.15 26.46 OK
r-devel-linux-x86_64-debian-gcc 0.2 2.04 19.64 21.68 OK
r-devel-linux-x86_64-fedora-clang 0.2 33.00 NOTE
r-devel-linux-x86_64-fedora-gcc 0.2 30.36 NOTE
r-devel-windows-ix86+x86_64 0.2 75.00 86.00 161.00 NOTE
r-patched-linux-x86_64 0.2 1.89 22.76 24.65 OK
r-patched-solaris-x86 0.2 45.30 OK
r-release-linux-x86_64 0.2 OK
r-release-windows-ix86+x86_64 0.2 40.00 85.00 125.00 NOTE
r-release-osx-x86_64 0.2 OK
r-oldrel-windows-ix86+x86_64 0.2 56.00 81.00 137.00 NOTE
r-oldrel-osx-x86_64 0.2 OK

Check Details

Version: 0.2
Check: compiled code
Result: NOTE
    File ‘wingui/libs/wingui.so’:
     Found no calls to: ‘R_registerRoutines’, ‘R_useDynamicSymbols’
    
    It is good practice to register native routines and to disable symbol
    search.
    
    See ‘Writing portable packages’ in the ‘Writing R Extensions’ manual.
Flavors: r-devel-linux-x86_64-fedora-clang, r-devel-linux-x86_64-fedora-gcc

Version: 0.2
Check: R code for possible problems
Result: NOTE
    .__A__.1 : <anonymous>: no visible binding for global variable '.hwnd'
    Undefined global functions or variables:
     .hwnd
Flavors: r-devel-windows-ix86+x86_64, r-release-windows-ix86+x86_64, r-oldrel-windows-ix86+x86_64