CRAN Package Check Results for Package wk

Last updated on 2024-02-25 19:50:15 CET.

Flavor Version Tinstall Tcheck Ttotal Status Flags
r-devel-linux-x86_64-debian-clang 0.9.1 21.91 90.64 112.55 OK
r-devel-linux-x86_64-debian-gcc 0.9.1 18.62 69.11 87.73 OK
r-devel-linux-x86_64-fedora-clang 0.9.1 144.89 NOTE
r-devel-linux-x86_64-fedora-gcc 0.9.1 141.87 NOTE
r-devel-windows-x86_64 0.9.1 33.00 110.00 143.00 OK
r-patched-linux-x86_64 0.9.1 27.20 90.43 117.63 OK
r-release-linux-x86_64 0.9.1 25.65 89.46 115.11 OK
r-release-macos-arm64 0.9.1 60.00 OK
r-release-macos-x86_64 0.9.1 132.00 OK
r-release-windows-x86_64 0.9.1 33.00 142.00 175.00 OK
r-oldrel-macos-arm64 0.9.1 70.00 OK
r-oldrel-windows-x86_64 0.9.1 40.00 117.00 157.00 OK

Check Details

Version: 0.9.1
Check: data for non-ASCII characters
Result: NOTE Note: found 3881 marked UTF-8 strings Flavors: r-devel-linux-x86_64-fedora-clang, r-devel-linux-x86_64-fedora-gcc