Last updated on 2023-06-08 15:58:57 CEST.
Flavor | Version | Tinstall | Tcheck | Ttotal | Status | Flags |
---|---|---|---|---|---|---|
r-devel-linux-x86_64-debian-clang | 0.1.3 | 99.38 | 37.52 | 136.90 | NOTE | |
r-devel-linux-x86_64-debian-gcc | 0.1.3 | 72.42 | 28.82 | 101.24 | NOTE | |
r-devel-linux-x86_64-fedora-clang | 0.1.3 | 201.12 | NOTE | |||
r-devel-linux-x86_64-fedora-gcc | 0.1.3 | 203.54 | NOTE | |||
r-devel-windows-x86_64 | 0.1.3 | 76.00 | 81.00 | 157.00 | NOTE | |
r-patched-linux-x86_64 | 0.1.3 | 87.24 | 36.31 | 123.55 | NOTE | |
r-release-linux-x86_64 | 0.1.3 | 80.92 | 36.25 | 117.17 | NOTE | |
r-release-macos-arm64 | 0.1.3 | 54.00 | NOTE | |||
r-release-macos-x86_64 | 0.1.3 | 84.00 | NOTE | |||
r-release-windows-x86_64 | 0.1.3 | 97.00 | 87.00 | 184.00 | NOTE | |
r-oldrel-macos-arm64 | 0.1.3 | 50.00 | OK | |||
r-oldrel-macos-x86_64 | 0.1.3 | 63.00 | OK | |||
r-oldrel-windows-x86_64 | 0.1.3 | 92.00 | 79.00 | 171.00 | OK |
Version: 0.1.3
Check: C++ specification
Result: NOTE
Specified C++11: please drop specification unless essential
Flavors: r-devel-linux-x86_64-debian-clang, r-devel-linux-x86_64-debian-gcc, r-devel-linux-x86_64-fedora-clang, r-devel-linux-x86_64-fedora-gcc, r-devel-windows-x86_64, r-patched-linux-x86_64, r-release-linux-x86_64, r-release-macos-arm64, r-release-macos-x86_64, r-release-windows-x86_64