Last updated on 2022-05-28 14:53:55 CEST.
Flavor | Version | Tinstall | Tcheck | Ttotal | Status | Flags |
---|---|---|---|---|---|---|
r-devel-linux-x86_64-debian-clang | 0.1.1 | 89.72 | 47.62 | 137.34 | NOTE | |
r-devel-linux-x86_64-debian-gcc | 0.1.1 | 80.28 | 36.46 | 116.74 | NOTE | |
r-devel-linux-x86_64-fedora-clang | 0.1.1 | 204.20 | NOTE | |||
r-devel-linux-x86_64-fedora-gcc | 0.1.1 | 178.91 | NOTE | |||
r-devel-windows-x86_64 | 0.1.1 | 84.00 | 91.00 | 175.00 | NOTE | |
r-patched-linux-x86_64 | 0.1.1 | 87.45 | 45.01 | 132.46 | NOTE | |
r-release-linux-x86_64 | 0.1.1 | 86.16 | 45.25 | 131.41 | NOTE | |
r-release-macos-arm64 | 0.1.1 | 47.00 | NOTE | |||
r-release-macos-x86_64 | 0.1.1 | 61.00 | NOTE | |||
r-release-windows-x86_64 | 0.1.1 | 83.00 | 95.00 | 178.00 | NOTE | |
r-oldrel-macos-arm64 | 0.1.1 | 56.00 | NOTE | |||
r-oldrel-macos-x86_64 | 0.1.1 | 80.00 | NOTE | |||
r-oldrel-windows-ix86+x86_64 | 0.1.1 | 229.00 | 93.00 | 322.00 | NOTE |
Version: 0.1.1
Check: LazyData
Result: NOTE
'LazyData' is specified without a 'data' directory
Flavors: r-devel-linux-x86_64-debian-clang, r-devel-linux-x86_64-debian-gcc, r-devel-linux-x86_64-fedora-clang, r-devel-linux-x86_64-fedora-gcc, r-devel-windows-x86_64, r-patched-linux-x86_64, r-release-linux-x86_64, r-release-macos-arm64, r-release-macos-x86_64, r-release-windows-x86_64, r-oldrel-macos-arm64, r-oldrel-macos-x86_64, r-oldrel-windows-ix86+x86_64