CRAN Package Check Results for Package wkutils

Last updated on 2024-02-21 01:49:36 CET.

Flavor Version Tinstall Tcheck Ttotal Status Flags
r-devel-linux-x86_64-debian-clang 0.1.3 NOTE
r-devel-linux-x86_64-debian-gcc 0.1.3 83.49 28.96 112.45 NOTE
r-devel-linux-x86_64-fedora-clang 0.1.3 201.85 NOTE
r-devel-linux-x86_64-fedora-gcc 0.1.3 207.49 NOTE
r-devel-windows-x86_64 0.1.3 77.00 81.00 158.00 NOTE
r-patched-linux-x86_64 0.1.3 103.97 37.19 141.16 NOTE
r-release-linux-x86_64 0.1.3 100.84 36.89 137.73 NOTE
r-release-macos-arm64 0.1.3 54.00 NOTE
r-release-macos-x86_64 0.1.3 84.00 NOTE
r-release-windows-x86_64 0.1.3 96.00 89.00 185.00 NOTE
r-oldrel-macos-arm64 0.1.3 50.00 OK
r-oldrel-windows-x86_64 0.1.3 94.00 80.00 174.00 OK

Check Details

Version: 0.1.3
Check: C++ specification
Result: NOTE Specified C++11: please drop specification unless essential Flavors: r-devel-linux-x86_64-debian-clang, r-devel-linux-x86_64-debian-gcc, r-devel-linux-x86_64-fedora-clang, r-devel-linux-x86_64-fedora-gcc, r-devel-windows-x86_64, r-patched-linux-x86_64, r-release-linux-x86_64, r-release-macos-arm64, r-release-macos-x86_64, r-release-windows-x86_64