CRAN Package Check Results for Package womblR

Last updated on 2021-01-22 03:50:54 CET.

Flavor Version Tinstall Tcheck Ttotal Status Flags
r-devel-linux-x86_64-debian-clang 1.0.4 269.55 245.52 515.07 OK
r-devel-linux-x86_64-debian-gcc 1.0.4 166.48 191.03 357.51 OK
r-devel-linux-x86_64-fedora-clang 1.0.4 686.41 NOTE
r-devel-linux-x86_64-fedora-gcc 1.0.4 617.77 OK
r-devel-windows-ix86+x86_64 1.0.4 593.00 317.00 910.00 OK
r-patched-linux-x86_64 1.0.4 201.59 235.00 436.59 OK
r-patched-solaris-x86 1.0.4 847.60 OK
r-release-linux-x86_64 1.0.4 197.89 235.75 433.64 OK
r-release-macos-x86_64 1.0.4 NOTE
r-release-windows-ix86+x86_64 1.0.4 442.00 390.00 832.00 OK
r-oldrel-macos-x86_64 1.0.4 NOTE
r-oldrel-windows-ix86+x86_64 1.0.4 412.00 309.00 721.00 OK

Check Details

Version: 1.0.4
Check: installed package size
Result: NOTE
     installed size is 10.2Mb
     sub-directories of 1Mb or more:
     libs 9.4Mb
Flavors: r-devel-linux-x86_64-fedora-clang, r-release-macos-x86_64, r-oldrel-macos-x86_64