CRAN Package Check Results for Package womblR

Last updated on 2020-02-19 17:48:26 CET.

Flavor Version Tinstall Tcheck Ttotal Status Flags
r-devel-linux-x86_64-debian-clang 1.0.4 240.98 240.27 481.25 OK
r-devel-linux-x86_64-debian-gcc 1.0.4 162.27 185.51 347.78 OK
r-devel-linux-x86_64-fedora-clang 1.0.4 661.57 NOTE
r-devel-linux-x86_64-fedora-gcc 1.0.4 618.46 OK
r-devel-windows-ix86+x86_64 1.0.4 424.00 341.00 765.00 OK
r-devel-windows-ix86+x86_64-gcc8 1.0.4 647.00 318.00 965.00 OK
r-patched-linux-x86_64 1.0.4 190.37 228.22 418.59 OK
r-patched-solaris-x86 1.0.4 729.40 OK
r-release-linux-x86_64 1.0.4 192.74 231.51 424.25 OK
r-release-windows-ix86+x86_64 1.0.4 417.00 317.00 734.00 OK
r-release-osx-x86_64 1.0.4 NOTE
r-oldrel-windows-ix86+x86_64 1.0.4 367.00 380.00 747.00 OK
r-oldrel-osx-x86_64 1.0.4 NOTE

Check Details

Version: 1.0.4
Check: installed package size
Result: NOTE
     installed size is 9.5Mb
     sub-directories of 1Mb or more:
     libs 8.7Mb
Flavors: r-devel-linux-x86_64-fedora-clang, r-release-osx-x86_64, r-oldrel-osx-x86_64