CRAN Package Check Results for Package womblR

Last updated on 2019-09-18 13:47:09 CEST.

Flavor Version Tinstall Tcheck Ttotal Status Flags
r-devel-linux-x86_64-debian-clang 1.0.4 194.05 218.64 412.69 OK
r-devel-linux-x86_64-debian-gcc 1.0.4 172.12 172.28 344.40 OK
r-devel-linux-x86_64-fedora-clang 1.0.4 597.31 NOTE
r-devel-linux-x86_64-fedora-gcc 1.0.4 584.53 OK
r-devel-windows-ix86+x86_64 1.0.4 495.00 492.00 987.00 OK
r-patched-linux-x86_64 1.0.4 193.47 220.14 413.61 OK
r-patched-solaris-x86 1.0.4 756.80 OK
r-release-linux-x86_64 1.0.4 183.67 219.83 403.50 OK
r-release-windows-ix86+x86_64 1.0.4 361.00 330.00 691.00 OK
r-release-osx-x86_64 1.0.4 NOTE
r-oldrel-windows-ix86+x86_64 1.0.4 373.00 330.00 703.00 OK
r-oldrel-osx-x86_64 1.0.4 NOTE

Check Details

Version: 1.0.4
Check: installed package size
Result: NOTE
     installed size is 9.4Mb
     sub-directories of 1Mb or more:
     libs 8.6Mb
Flavors: r-devel-linux-x86_64-fedora-clang, r-release-osx-x86_64, r-oldrel-osx-x86_64