CRAN Package Check Results for Package woodValuationDE

Last updated on 2022-11-30 21:01:16 CET.

Flavor Version Tinstall Tcheck Ttotal Status Flags
r-devel-linux-x86_64-debian-clang 1.0.1 4.96 53.41 58.37 NOTE
r-devel-linux-x86_64-debian-gcc 1.0.1 3.86 40.18 44.04 NOTE
r-devel-linux-x86_64-fedora-clang 1.0.1 81.59 NOTE
r-devel-linux-x86_64-fedora-gcc 1.0.1 85.47 NOTE
r-devel-windows-x86_64 1.0.1 38.00 81.00 119.00 NOTE
r-patched-linux-x86_64 1.0.1 4.89 47.50 52.39 OK
r-release-linux-x86_64 1.0.1 4.66 49.15 53.81 OK
r-release-macos-arm64 1.0.1 26.00 OK
r-release-macos-x86_64 1.0.1 32.00 OK
r-release-windows-x86_64 1.0.1 23.00 77.00 100.00 OK
r-oldrel-macos-arm64 1.0.1 22.00 OK
r-oldrel-macos-x86_64 1.0.1 34.00 OK
r-oldrel-windows-ix86+x86_64 1.0.1 13.00 74.00 87.00 OK

Check Details

Version: 1.0.1
Check: package subdirectories
Result: NOTE
    Problems with news in 'NEWS.md':
    No news entries found.
Flavors: r-devel-linux-x86_64-debian-clang, r-devel-linux-x86_64-debian-gcc, r-devel-linux-x86_64-fedora-clang, r-devel-linux-x86_64-fedora-gcc, r-devel-windows-x86_64