Last updated on 2022-05-28 11:52:19 CEST.
Flavor | Version | Tinstall | Tcheck | Ttotal | Status | Flags |
---|---|---|---|---|---|---|
r-devel-linux-x86_64-debian-clang | 1.0 | 2.52 | 35.33 | 37.85 | NOTE | |
r-devel-linux-x86_64-debian-gcc | 1.0 | 2.19 | 27.69 | 29.88 | NOTE | |
r-devel-linux-x86_64-fedora-clang | 1.0 | 46.47 | NOTE | |||
r-devel-linux-x86_64-fedora-gcc | 1.0 | 34.75 | NOTE | |||
r-devel-windows-x86_64 | 1.0 | 13.00 | 50.00 | 63.00 | NOTE | |
r-patched-linux-x86_64 | 1.0 | 2.25 | 34.16 | 36.41 | NOTE | |
r-release-linux-x86_64 | 1.0 | 2.12 | 34.17 | 36.29 | NOTE | |
r-release-macos-arm64 | 1.0 | 17.00 | NOTE | |||
r-release-macos-x86_64 | 1.0 | 23.00 | NOTE | |||
r-release-windows-x86_64 | 1.0 | 15.00 | 53.00 | 68.00 | NOTE | |
r-oldrel-macos-arm64 | 1.0 | 21.00 | NOTE | |||
r-oldrel-macos-x86_64 | 1.0 | 31.00 | NOTE | |||
r-oldrel-windows-ix86+x86_64 | 1.0 | 6.00 | 46.00 | 52.00 | NOTE |
Version: 1.0
Check: DESCRIPTION meta-information
Result: NOTE
Malformed Description field: should contain one or more complete sentences.
Flavors: r-devel-linux-x86_64-debian-clang, r-devel-linux-x86_64-debian-gcc, r-devel-linux-x86_64-fedora-clang, r-devel-linux-x86_64-fedora-gcc, r-devel-windows-x86_64, r-patched-linux-x86_64, r-release-linux-x86_64, r-release-macos-arm64, r-release-macos-x86_64, r-release-windows-x86_64, r-oldrel-macos-arm64, r-oldrel-macos-x86_64, r-oldrel-windows-ix86+x86_64
Version: 1.0
Check: dependencies in R code
Result: NOTE
Packages in Depends field not imported from:
'plyr' 'reshape2'
These packages need to be imported from (in the NAMESPACE file)
for when this namespace is loaded but not attached.
Flavors: r-devel-linux-x86_64-debian-clang, r-devel-linux-x86_64-debian-gcc, r-devel-linux-x86_64-fedora-clang, r-devel-linux-x86_64-fedora-gcc, r-devel-windows-x86_64, r-patched-linux-x86_64, r-release-linux-x86_64, r-release-macos-arm64, r-release-macos-x86_64, r-release-windows-x86_64, r-oldrel-macos-arm64, r-oldrel-macos-x86_64, r-oldrel-windows-ix86+x86_64
Version: 1.0
Check: R code for possible problems
Result: NOTE
wordmatch: no visible global function definition for 'llply'
wordmatch : <anonymous>: no visible global function definition for
'llply'
wordmatch: no visible global function definition for 'melt'
wordmatch: no visible global function definition for 'count'
Undefined global functions or variables:
count llply melt
Flavors: r-devel-linux-x86_64-debian-clang, r-devel-linux-x86_64-debian-gcc, r-devel-linux-x86_64-fedora-clang, r-devel-linux-x86_64-fedora-gcc, r-devel-windows-x86_64, r-patched-linux-x86_64, r-release-linux-x86_64, r-release-macos-arm64, r-release-macos-x86_64, r-release-windows-x86_64, r-oldrel-macos-arm64, r-oldrel-macos-x86_64, r-oldrel-windows-ix86+x86_64