CRAN Package Check Results for Package wordsalad

Last updated on 2022-12-04 17:50:56 CET.

Flavor Version Tinstall Tcheck Ttotal Status Flags
r-devel-linux-x86_64-debian-clang 0.2.0 1.98 47.22 49.20 OK
r-devel-linux-x86_64-debian-gcc 0.2.0 1.55 34.04 35.59 OK
r-devel-linux-x86_64-fedora-clang 0.2.0 71.78 NOTE
r-devel-linux-x86_64-fedora-gcc 0.2.0 74.27 NOTE
r-devel-windows-x86_64 0.2.0 14.00 73.00 87.00 OK
r-patched-linux-x86_64 0.2.0 2.05 43.61 45.66 OK
r-release-linux-x86_64 0.2.0 1.69 43.45 45.14 OK
r-release-macos-arm64 0.2.0 22.00 NOTE
r-release-macos-x86_64 0.2.0 32.00 NOTE
r-release-windows-x86_64 0.2.0 18.00 73.00 91.00 OK
r-oldrel-macos-arm64 0.2.0 30.00 NOTE
r-oldrel-macos-x86_64 0.2.0 37.00 NOTE
r-oldrel-windows-ix86+x86_64 0.2.0 6.00 75.00 81.00 OK

Check Details

Version: 0.2.0
Check: data for non-ASCII characters
Result: NOTE
     Note: found 3 marked UTF-8 strings
Flavors: r-devel-linux-x86_64-fedora-clang, r-devel-linux-x86_64-fedora-gcc, r-release-macos-arm64, r-release-macos-x86_64, r-oldrel-macos-arm64, r-oldrel-macos-x86_64