Last updated on 2021-03-09 07:49:56 CET.
Flavor | Version | Tinstall | Tcheck | Ttotal | Status | Flags |
---|---|---|---|---|---|---|
r-devel-linux-x86_64-debian-clang | 1.3.0 | 7.95 | 130.02 | 137.97 | OK | |
r-devel-linux-x86_64-debian-gcc | 1.3.0 | 5.74 | 92.26 | 98.00 | OK | |
r-devel-linux-x86_64-fedora-clang | 1.3.0 | 170.74 | NOTE | |||
r-devel-linux-x86_64-fedora-gcc | 1.3.0 | 159.04 | NOTE | |||
r-devel-windows-ix86+x86_64 | 1.3.0 | 12.00 | 162.00 | 174.00 | NOTE | |
r-devel-windows-x86_64-gcc10-UCRT | 1.3.0 | NOTE | ||||
r-patched-linux-x86_64 | 1.3.0 | 7.87 | 121.55 | 129.42 | OK | |
r-patched-solaris-x86 | 1.3.0 | 168.20 | NOTE | |||
r-release-linux-x86_64 | 1.3.0 | 6.06 | 119.72 | 125.78 | OK | |
r-release-macos-x86_64 | 1.3.0 | NOTE | ||||
r-release-windows-ix86+x86_64 | 1.3.0 | 9.00 | 134.00 | 143.00 | NOTE | |
r-oldrel-macos-x86_64 | 1.3.0 | NOTE | ||||
r-oldrel-windows-ix86+x86_64 | 1.3.0 | 8.00 | 122.00 | 130.00 | NOTE |
Version: 1.3.0
Check: package dependencies
Result: NOTE
Package suggested but not available for checking: ‘ROTS’
Flavors: r-devel-linux-x86_64-fedora-clang, r-devel-linux-x86_64-fedora-gcc, r-devel-windows-x86_64-gcc10-UCRT, r-patched-solaris-x86, r-release-macos-x86_64, r-oldrel-macos-x86_64
Version: 1.3.0
Check: installed package size
Result: NOTE
installed size is 6.9Mb
sub-directories of 1Mb or more:
doc 3.2Mb
extdata 3.4Mb
Flavors: r-devel-linux-x86_64-fedora-clang, r-devel-windows-ix86+x86_64, r-patched-solaris-x86, r-release-macos-x86_64, r-release-windows-ix86+x86_64, r-oldrel-macos-x86_64, r-oldrel-windows-ix86+x86_64
Version: 1.3.0
Check: dependencies in R code
Result: NOTE
Namespaces in Imports field not imported from:
‘knitr’ ‘rmarkdown’
All declared Imports should be used.
Flavors: r-devel-linux-x86_64-fedora-clang, r-devel-linux-x86_64-fedora-gcc, r-devel-windows-x86_64-gcc10-UCRT, r-patched-solaris-x86, r-release-macos-x86_64, r-oldrel-macos-x86_64
Version: 1.3.0
Check: Rd cross-references
Result: NOTE
Undeclared package ‘seqinr’ in Rd xrefs
Flavor: r-devel-linux-x86_64-fedora-clang