CRAN Package Check Results for Package writexl

Last updated on 2021-04-22 18:48:56 CEST.

Flavor Version Tinstall Tcheck Ttotal Status Flags
r-devel-linux-x86_64-debian-clang 1.3.1 13.80 56.41 70.21 NOTE
r-devel-linux-x86_64-debian-gcc 1.4.0 12.29 44.37 56.66 OK
r-devel-linux-x86_64-fedora-clang 1.4.0 100.48 OK
r-devel-linux-x86_64-fedora-gcc 1.4.0 66.33 OK
r-devel-windows-ix86+x86_64 1.3.1 37.00 155.00 192.00 NOTE
r-devel-windows-x86_64-gcc10-UCRT 1.3.1 NOTE
r-patched-linux-x86_64 1.3.1 11.53 53.51 65.04 OK
r-patched-solaris-x86 1.4.0 123.80 OK
r-release-linux-x86_64 1.4.0 14.72 54.26 68.98 OK
r-release-macos-x86_64 1.4.0 OK
r-release-windows-ix86+x86_64 1.3.1 35.00 146.00 181.00 OK
r-oldrel-macos-x86_64 1.4.0 OK
r-oldrel-windows-ix86+x86_64 1.4.0 43.00 139.00 182.00 OK

Check Details

Version: 1.3.1
Check: LazyData
Result: NOTE
     'LazyData' is specified without a 'data' directory
Flavors: r-devel-linux-x86_64-debian-clang, r-devel-windows-ix86+x86_64, r-devel-windows-x86_64-gcc10-UCRT