CRAN Package Check Results for Package wrswoR

Last updated on 2024-02-25 19:50:15 CET.

Flavor Version Tinstall Tcheck Ttotal Status Flags
r-devel-linux-x86_64-debian-clang 1.1.1 22.15 34.11 56.26 NOTE
r-devel-linux-x86_64-debian-gcc 1.1.1 16.14 26.85 42.99 NOTE
r-devel-linux-x86_64-fedora-clang 1.1.1 78.57 NOTE
r-devel-linux-x86_64-fedora-gcc 1.1.1 74.55 NOTE
r-devel-windows-x86_64 1.1.1 20.00 65.00 85.00 NOTE
r-patched-linux-x86_64 1.1.1 21.93 34.15 56.08 NOTE
r-release-linux-x86_64 1.1.1 22.69 34.06 56.75 NOTE
r-release-macos-arm64 1.1.1 26.00 NOTE
r-release-macos-x86_64 1.1.1 39.00 NOTE
r-release-windows-x86_64 1.1.1 23.00 73.00 96.00 NOTE
r-oldrel-macos-arm64 1.1.1 27.00 NOTE
r-oldrel-windows-x86_64 1.1.1 25.00 74.00 99.00 NOTE

Check Details

Version: 1.1.1
Check: LazyData
Result: NOTE 'LazyData' is specified without a 'data' directory Flavors: r-devel-linux-x86_64-debian-clang, r-devel-linux-x86_64-debian-gcc, r-devel-linux-x86_64-fedora-clang, r-devel-linux-x86_64-fedora-gcc, r-devel-windows-x86_64, r-patched-linux-x86_64, r-release-linux-x86_64, r-release-macos-arm64, r-release-macos-x86_64, r-release-windows-x86_64, r-oldrel-macos-arm64, r-oldrel-windows-x86_64