CRAN Package Check Results for Package wrswoR

Last updated on 2022-08-08 10:56:37 CEST.

Flavor Version Tinstall Tcheck Ttotal Status Flags
r-devel-linux-x86_64-debian-clang 1.1.1 19.64 34.24 53.88 NOTE
r-devel-linux-x86_64-debian-gcc 1.1.1 15.74 27.13 42.87 NOTE
r-devel-linux-x86_64-fedora-clang 1.1.1 85.86 NOTE
r-devel-linux-x86_64-fedora-gcc 1.1.1 77.56 NOTE
r-devel-windows-x86_64 1.1.1 26.00 76.00 102.00 NOTE
r-patched-linux-x86_64 1.1.1 17.54 33.08 50.62 NOTE
r-release-linux-x86_64 1.1.1 NOTE
r-release-macos-arm64 1.1.1 25.00 NOTE
r-release-macos-x86_64 1.1.1 33.00 NOTE
r-release-windows-x86_64 1.1.1 31.00 82.00 113.00 NOTE
r-oldrel-macos-arm64 1.1.1 28.00 NOTE
r-oldrel-macos-x86_64 1.1.1 40.00 NOTE
r-oldrel-windows-ix86+x86_64 1.1.1 54.00 82.00 136.00 NOTE

Check Details

Version: 1.1.1
Check: LazyData
Result: NOTE
     'LazyData' is specified without a 'data' directory
Flavors: r-devel-linux-x86_64-debian-clang, r-devel-linux-x86_64-debian-gcc, r-devel-linux-x86_64-fedora-clang, r-devel-linux-x86_64-fedora-gcc, r-devel-windows-x86_64, r-patched-linux-x86_64, r-release-linux-x86_64, r-release-macos-arm64, r-release-macos-x86_64, r-release-windows-x86_64, r-oldrel-macos-arm64, r-oldrel-macos-x86_64, r-oldrel-windows-ix86+x86_64

Version: 1.1.1
Check: package dependencies
Result: NOTE
    Package suggested but not available for checking: ‘metap’
Flavor: r-release-macos-arm64