Last updated on 2021-02-25 10:47:52 CET.
Flavor | Version | Tinstall | Tcheck | Ttotal | Status | Flags |
---|---|---|---|---|---|---|
r-devel-linux-x86_64-debian-clang | 0.1-10 | 11.20 | 67.15 | 78.35 | OK | |
r-devel-linux-x86_64-debian-gcc | 0.1-10 | 10.05 | 49.95 | 60.00 | OK | |
r-devel-linux-x86_64-fedora-clang | 0.1-10 | 112.96 | NOTE | |||
r-devel-linux-x86_64-fedora-gcc | 0.1-10 | 99.75 | OK | |||
r-devel-windows-ix86+x86_64 | 0.1-10 | 18.00 | 74.00 | 92.00 | NOTE | |
r-patched-linux-x86_64 | 0.1-10 | 10.46 | 65.35 | 75.81 | OK | |
r-patched-solaris-x86 | 0.1-10 | 136.00 | NOTE | |||
r-release-linux-x86_64 | 0.1-10 | 11.35 | 60.78 | 72.13 | OK | |
r-release-macos-x86_64 | 0.1-10 | NOTE | ||||
r-release-windows-ix86+x86_64 | 0.1-10 | 24.00 | 93.00 | 117.00 | NOTE | |
r-oldrel-macos-x86_64 | 0.1-10 | NOTE | ||||
r-oldrel-windows-ix86+x86_64 | 0.1-10 | 14.00 | 83.00 | 97.00 | NOTE |
Version: 0.1-10
Check: installed package size
Result: NOTE
installed size is 5.8Mb
sub-directories of 1Mb or more:
data 5.6Mb
Flavors: r-devel-linux-x86_64-fedora-clang, r-devel-windows-ix86+x86_64, r-patched-solaris-x86, r-release-macos-x86_64, r-release-windows-ix86+x86_64, r-oldrel-macos-x86_64, r-oldrel-windows-ix86+x86_64