CRAN Package Check Results for Package wsjplot

Last updated on 2024-03-04 23:54:31 CET.

Flavor Version Tinstall Tcheck Ttotal Status Flags
r-devel-linux-x86_64-debian-clang 0.1.0 5.84 47.66 53.50 NOTE
r-devel-linux-x86_64-debian-gcc 0.1.0 4.51 36.53 41.04 NOTE
r-devel-linux-x86_64-fedora-clang 0.1.0 64.88 NOTE
r-devel-linux-x86_64-fedora-gcc 0.1.0 62.98 NOTE
r-devel-windows-x86_64 0.1.0 7.00 61.00 68.00 NOTE
r-patched-linux-x86_64 0.1.0 4.95 45.72 50.67 NOTE
r-release-linux-x86_64 0.1.0 6.04 46.31 52.35 NOTE
r-release-macos-arm64 0.1.0 24.00 NOTE
r-release-macos-x86_64 0.1.0 36.00 NOTE
r-release-windows-x86_64 0.1.0 7.00 63.00 70.00 NOTE
r-oldrel-macos-arm64 0.1.0 25.00 NOTE
r-oldrel-windows-x86_64 0.1.0 7.00 69.00 76.00 NOTE

Check Details

Version: 0.1.0
Check: LazyData
Result: NOTE 'LazyData' is specified without a 'data' directory Flavors: r-devel-linux-x86_64-debian-clang, r-devel-linux-x86_64-debian-gcc, r-devel-linux-x86_64-fedora-clang, r-devel-linux-x86_64-fedora-gcc, r-devel-windows-x86_64, r-patched-linux-x86_64, r-release-linux-x86_64, r-release-macos-arm64, r-release-macos-x86_64, r-release-windows-x86_64, r-oldrel-macos-arm64, r-oldrel-windows-x86_64

Version: 0.1.0
Check: dependencies in R code
Result: NOTE Namespaces in Imports field not imported from: ‘dplyr’ ‘magrittr’ All declared Imports should be used. Flavors: r-devel-linux-x86_64-fedora-clang, r-devel-linux-x86_64-fedora-gcc, r-oldrel-macos-arm64