CRAN Package Check Results for Package wsrf

Last updated on 2018-05-22 08:49:53 CEST.

Flavor Version Tinstall Tcheck Ttotal Status Flags
r-devel-linux-x86_64-debian-clang 1.7.17 72.57 35.13 107.70 OK
r-devel-linux-x86_64-debian-gcc 1.7.17 58.73 30.53 89.26 OK
r-devel-linux-x86_64-fedora-clang 1.7.17 155.61 NOTE
r-devel-linux-x86_64-fedora-gcc 1.7.17 144.28 NOTE
r-devel-windows-ix86+x86_64 1.7.17 207.00 113.00 320.00 OK
r-patched-linux-x86_64 1.7.17 69.21 35.79 105.00 OK
r-patched-solaris-x86 1.7.17 158.70 OK
r-release-linux-x86_64 1.7.17 69.73 35.71 105.44 OK
r-release-windows-ix86+x86_64 1.7.17 203.00 122.00 325.00 OK
r-release-osx-x86_64 1.7.17 OK
r-oldrel-windows-ix86+x86_64 1.7.17 204.00 105.00 309.00 OK
r-oldrel-osx-x86_64 1.7.17 OK

Check Details

Version: 1.7.17
Check: installed package size
Result: NOTE
     installed size is 5.1Mb
     sub-directories of 1Mb or more:
     libs 4.9Mb
Flavors: r-devel-linux-x86_64-fedora-clang, r-devel-linux-x86_64-fedora-gcc