CRAN Package Check Results for Package wsrf

Last updated on 2018-08-21 06:50:31 CEST.

Flavor Version Tinstall Tcheck Ttotal Status Flags
r-devel-linux-x86_64-debian-clang 1.7.17 69.33 41.23 110.56 OK
r-devel-linux-x86_64-debian-gcc 1.7.17 64.17 32.70 96.87 OK
r-devel-linux-x86_64-fedora-clang 1.7.17 151.40 NOTE
r-devel-linux-x86_64-fedora-gcc 1.7.17 153.37 OK
r-devel-windows-ix86+x86_64 1.7.17 205.00 110.00 315.00 OK
r-patched-linux-x86_64 1.7.17 75.22 37.53 112.75 OK
r-patched-solaris-x86 1.7.17 160.70 OK
r-release-linux-x86_64 1.7.17 77.14 37.22 114.36 OK
r-release-windows-ix86+x86_64 1.7.17 214.00 80.00 294.00 OK
r-release-osx-x86_64 1.7.17 OK
r-oldrel-windows-ix86+x86_64 1.7.17 165.00 112.00 277.00 OK
r-oldrel-osx-x86_64 1.7.17 OK

Check Details

Version: 1.7.17
Check: installed package size
Result: NOTE
     installed size is 5.1Mb
     sub-directories of 1Mb or more:
     libs 4.9Mb
Flavor: r-devel-linux-x86_64-fedora-clang