CRAN Package Check Results for Package wsrf

Last updated on 2018-02-23 12:47:43 CET.

Flavor Version Tinstall Tcheck Ttotal Status Flags
r-devel-linux-x86_64-debian-clang 1.7.17 71.68 35.83 107.51 OK
r-devel-linux-x86_64-debian-gcc 1.7.17 58.29 28.89 87.18 OK
r-devel-linux-x86_64-fedora-clang 1.7.17 154.45 NOTE
r-devel-linux-x86_64-fedora-gcc 1.7.17 143.42 NOTE
r-devel-windows-ix86+x86_64 1.7.17 206.00 100.00 306.00 OK
r-patched-linux-x86_64 1.7.17 71.33 37.35 108.68 OK
r-patched-solaris-x86 1.7.17 146.70 OK
r-release-linux-x86_64 1.7.17 69.68 37.88 107.56 OK
r-release-windows-ix86+x86_64 1.7.17 163.00 103.00 266.00 OK
r-release-osx-x86_64 1.7.17 OK
r-oldrel-windows-ix86+x86_64 1.7.17 162.00 75.00 237.00 OK
r-oldrel-osx-x86_64 1.7.17 OK

Check Details

Version: 1.7.17
Check: installed package size
Result: NOTE
     installed size is 5.1Mb
     sub-directories of 1Mb or more:
     libs 4.9Mb
Flavors: r-devel-linux-x86_64-fedora-clang, r-devel-linux-x86_64-fedora-gcc