CRAN Package Check Results for Package wv

Last updated on 2021-01-22 03:50:54 CET.

Flavor Version Tinstall Tcheck Ttotal Status Flags
r-devel-linux-x86_64-debian-clang 0.1.1 180.92 41.83 222.75 OK
r-devel-linux-x86_64-debian-gcc 0.1.1 117.14 32.98 150.12 OK
r-devel-linux-x86_64-fedora-clang 0.1.1 338.56 NOTE
r-devel-linux-x86_64-fedora-gcc 0.1.1 277.80 NOTE
r-devel-windows-ix86+x86_64 0.1.1 418.00 69.00 487.00 OK
r-patched-linux-x86_64 0.1.1 140.45 39.96 180.41 OK
r-patched-solaris-x86 0.1.1 254.80 NOTE
r-release-linux-x86_64 0.1.1 142.23 40.73 182.96 OK
r-release-macos-x86_64 0.1.1 NOTE
r-release-windows-ix86+x86_64 0.1.1 363.00 89.00 452.00 OK
r-oldrel-macos-x86_64 0.1.1 NOTE
r-oldrel-windows-ix86+x86_64 0.1.1 281.00 67.00 348.00 OK

Check Details

Version: 0.1.1
Check: installed package size
Result: NOTE
     installed size is 8.8Mb
     sub-directories of 1Mb or more:
     help 1.6Mb
     libs 6.9Mb
Flavors: r-devel-linux-x86_64-fedora-clang, r-release-macos-x86_64, r-oldrel-macos-x86_64

Version: 0.1.1
Check: dependencies in R code
Result: NOTE
    Namespace in Imports field not imported from: ‘simts’
     All declared Imports should be used.
Flavors: r-devel-linux-x86_64-fedora-clang, r-devel-linux-x86_64-fedora-gcc, r-patched-solaris-x86, r-release-macos-x86_64, r-oldrel-macos-x86_64