CRAN Package Check Results for Package wv

Last updated on 2024-02-21 02:52:30 CET.

Flavor Version Tinstall Tcheck Ttotal Status Flags
r-devel-linux-x86_64-debian-clang 0.1.2 NOTE
r-devel-linux-x86_64-debian-gcc 0.1.2 147.56 54.20 201.76 NOTE
r-devel-linux-x86_64-fedora-clang 0.1.2 398.55 OK
r-devel-linux-x86_64-fedora-gcc 0.1.2 387.65 OK
r-devel-windows-x86_64 0.1.2 143.00 100.00 243.00 OK
r-patched-linux-x86_64 0.1.2 148.69 70.49 219.18 OK
r-release-linux-x86_64 0.1.2 137.75 69.57 207.32 OK
r-release-macos-arm64 0.1.2 73.00 NOTE
r-release-macos-x86_64 0.1.2 89.00 NOTE
r-release-windows-x86_64 0.1.2 185.00 117.00 302.00 OK
r-oldrel-macos-arm64 0.1.2 75.00 NOTE
r-oldrel-windows-x86_64 0.1.2 176.00 103.00 279.00 OK

Check Details

Version: 0.1.2
Check: Rd files
Result: NOTE checkRd: (-1) batch_modwt_wvar_cpp.Rd:36: Lost braces in \itemize; \value handles \item{}{} directly checkRd: (-1) batch_modwt_wvar_cpp.Rd:37: Lost braces in \itemize; \value handles \item{}{} directly checkRd: (-1) batch_modwt_wvar_cpp.Rd:38: Lost braces in \itemize; \value handles \item{}{} directly checkRd: (-1) ci_eta3.Rd:19: Lost braces in \itemize; \value handles \item{}{} directly checkRd: (-1) ci_eta3.Rd:20: Lost braces in \itemize; \value handles \item{}{} directly checkRd: (-1) ci_eta3.Rd:21: Lost braces in \itemize; \value handles \item{}{} directly checkRd: (-1) ci_eta3_robust.Rd:21: Lost braces in \itemize; \value handles \item{}{} directly checkRd: (-1) ci_eta3_robust.Rd:22: Lost braces in \itemize; \value handles \item{}{} directly checkRd: (-1) ci_eta3_robust.Rd:23: Lost braces in \itemize; \value handles \item{}{} directly checkRd: (-1) ci_wave_variance.Rd:32: Lost braces in \itemize; \value handles \item{}{} directly checkRd: (-1) ci_wave_variance.Rd:33: Lost braces in \itemize; \value handles \item{}{} directly checkRd: (-1) ci_wave_variance.Rd:34: Lost braces in \itemize; \value handles \item{}{} directly checkRd: (-1) modwt_wvar_cpp.Rd:36: Lost braces in \itemize; \value handles \item{}{} directly checkRd: (-1) modwt_wvar_cpp.Rd:37: Lost braces in \itemize; \value handles \item{}{} directly checkRd: (-1) modwt_wvar_cpp.Rd:38: Lost braces in \itemize; \value handles \item{}{} directly checkRd: (-1) wvar_cpp.Rd:23: Lost braces in \itemize; \value handles \item{}{} directly checkRd: (-1) wvar_cpp.Rd:24: Lost braces in \itemize; \value handles \item{}{} directly checkRd: (-1) wvar_cpp.Rd:25: Lost braces in \itemize; \value handles \item{}{} directly Flavors: r-devel-linux-x86_64-debian-clang, r-devel-linux-x86_64-debian-gcc

Version: 0.1.2
Check: installed package size
Result: NOTE installed size is 7.3Mb sub-directories of 1Mb or more: libs 6.4Mb Flavors: r-release-macos-arm64, r-release-macos-x86_64, r-oldrel-macos-arm64