CRAN Package Check Results for Package wyz.code.metaTesting

Last updated on 2020-08-12 01:47:19 CEST.

Flavor Version Tinstall Tcheck Ttotal Status Flags
r-devel-linux-x86_64-debian-clang 1.1.12 6.53 63.80 70.33 OK
r-devel-linux-x86_64-debian-gcc 1.1.12 0.38 1.91 2.29 ERROR
r-devel-linux-x86_64-fedora-clang 1.1.12 94.37 OK
r-devel-linux-x86_64-fedora-gcc 1.1.12 83.52 OK
r-devel-windows-ix86+x86_64 1.1.12 21.00 104.00 125.00 ERROR
r-patched-linux-x86_64 1.1.12 6.99 63.00 69.99 OK
r-patched-solaris-x86 1.1.12 123.30 OK
r-release-linux-x86_64 1.1.12 0.43 2.68 3.11 ERROR
r-release-macos-x86_64 1.1.12 OK
r-release-windows-ix86+x86_64 1.1.12 22.00 79.00 101.00 ERROR
r-oldrel-macos-x86_64 1.1.12 OK
r-oldrel-windows-ix86+x86_64 1.1.12 12.00 79.00 91.00 OK

Check Details

Version: 1.1.12
Check: package dependencies
Result: ERROR
    Packages required but not available:
     'tidyr', 'wyz.code.offensiveProgramming'
    
    See section ‘The DESCRIPTION file’ in the ‘Writing R Extensions’
    manual.
Flavors: r-devel-linux-x86_64-debian-gcc, r-release-linux-x86_64

Version: 1.1.12
Check: tests
Result: ERROR
     Running 'testthat.R' [12s]
    Running the tests in 'tests/testthat.R' failed.
    Complete output:
     > library(testthat)
     >
     > library("wyz.code.metaTesting")
     > test_check("wyz.code.metaTesting")
     -- 1. Failure: computeArgumentsCombination (@test_computeArgumentsCombination.R#
     3L not equal to 2.
     1/1 mismatches
     [1] 3 - 2 == 1
    
     == testthat results ===========================================================
     [ OK: 490 | SKIPPED: 0 | WARNINGS: 0 | FAILED: 1 ]
     1. Failure: computeArgumentsCombination (@test_computeArgumentsCombination.R#58)
    
     Error: testthat unit tests failed
     Execution halted
Flavor: r-devel-windows-ix86+x86_64

Version: 1.1.12
Check: tests
Result: ERROR
     Running 'testthat.R' [8s]
    Running the tests in 'tests/testthat.R' failed.
    Complete output:
     > library(testthat)
     >
     > library("wyz.code.metaTesting")
     > test_check("wyz.code.metaTesting")
     -- 1. Failure: computeArgumentsCombination (@test_computeArgumentsCombination.R#
     3L not equal to 2.
     1/1 mismatches
     [1] 3 - 2 == 1
    
     == testthat results ===========================================================
     [ OK: 490 | SKIPPED: 0 | WARNINGS: 0 | FAILED: 1 ]
     1. Failure: computeArgumentsCombination (@test_computeArgumentsCombination.R#58)
    
     Error: testthat unit tests failed
     Execution halted
Flavor: r-release-windows-ix86+x86_64