CRAN Package Check Results for Package wyz.code.metaTesting

Last updated on 2020-01-21 21:48:19 CET.

Flavor Version Tinstall Tcheck Ttotal Status Flags
r-devel-linux-x86_64-debian-clang 1.1.4 7.15 82.69 89.84 OK
r-devel-linux-x86_64-debian-gcc 1.1.4 6.30 77.66 83.96 OK
r-devel-linux-x86_64-fedora-clang 1.1.4 102.60 OK
r-devel-linux-x86_64-fedora-gcc 1.1.4 104.27 OK
r-devel-windows-ix86+x86_64 1.1.4 20.00 105.00 125.00 OK
r-devel-windows-ix86+x86_64-gcc8 1.1.4 25.00 77.00 102.00 OK
r-patched-linux-x86_64 1.1.4 6.18 87.83 94.01 OK
r-patched-solaris-x86 1.1.4 119.80 OK
r-release-linux-x86_64 1.1.4 6.24 79.14 85.38 OK
r-release-windows-ix86+x86_64 1.1.4 11.00 96.00 107.00 OK
r-release-osx-x86_64 1.1.4 OK
r-oldrel-windows-ix86+x86_64 1.1.4 8.00 65.00 73.00 ERROR
r-oldrel-osx-x86_64 1.1.4 ERROR

Check Details

Version: 1.1.4
Check: R code for possible problems
Result: NOTE
    guardExecution: no visible binding for global variable 'errorCondition'
    guardExecution: no visible binding for global variable
     'warningCondition'
    offensiveProgrammingWrapFunction: no visible global function definition
     for 'str2lang'
    opwf: no visible global function definition for 'str2lang'
    Undefined global functions or variables:
     errorCondition str2lang warningCondition
Flavors: r-oldrel-windows-ix86+x86_64, r-oldrel-osx-x86_64

Version: 1.1.4
Check: examples
Result: ERROR
    Running examples in 'wyz.code.metaTesting-Ex.R' failed
    The error most likely occurred in:
    
    > ### Name: generateData
    > ### Title: Generate Data
    > ### Aliases: generateData
    > ### Keywords: programation utilities
    >
    > ### ** Examples
    >
    > # typical example
    > op_sum <- opwf(sum, c('...', 'removeNA_b_1'))
    Error in str2lang(bd) : could not find function "str2lang"
    Calls: opwf
    Execution halted
Flavors: r-oldrel-windows-ix86+x86_64, r-oldrel-osx-x86_64

Version: 1.1.4
Check: tests
Result: ERROR
     Running 'testthat.R' [5s]
    Running the tests in 'tests/testthat.R' failed.
    Complete output:
     > library(testthat)
     >
     > library("wyz.code.metaTesting")
     > test_check("wyz.code.metaTesting")
     -- 1. Error: (unknown) (@test_exploreSignatures.R#3) --------------------------
     could not find function "str2lang"
     Backtrace:
     1. wyz.code.metaTesting::opwf(sum, c("...", "removeNA_b_1"))
    
     -- 2. Error: (unknown) (@test_generateData.R#3) -------------------------------
     could not find function "str2lang"
     Backtrace:
     1. wyz.code.metaTesting::opwf(sum, c("...", "removeNA_b_1"))
    
     -- 3. Error: guardExecution - coverage (@test_guardExecution.R#8) -------------
     object 'errorCondition' not found
     Backtrace:
     1. testthat::expect_false(...)
     4. wyz.code.metaTesting:::guardExecution(...)
     5. wyz.code.metaTesting:::brv(FALSE, errorCondition, "", as.character(rv))
    
     -- 4. Failure: opfw - good cases (@test_opwf.R#38) ----------------------------
     formals(op_cos) has length 0, not length 1.
    
     -- 5. Failure: opfw - good cases (@test_opwf.R#39) ----------------------------
     `op_cos` has type `list`, not `closure`.
    
     -- 6. Failure: opfw - good cases (@test_opwf.R#43) ----------------------------
     formals(op_sum) has length 0, not length 2.
    
     -- 7. Failure: opfw - good cases (@test_opwf.R#44) ----------------------------
     `op_sum` has type `list`, not `closure`.
    
     -- 8. Failure: opfw - good cases (@test_opwf.R#48) ----------------------------
     formals(op_append) has length 0, not length 3.
    
     -- 9. Failure: opfw - good cases (@test_opwf.R#49) ----------------------------
     `op_append` has type `list`, not `closure`.
    
     -- 10. Failure: opfw - good cases (@test_opwf.R#53) ---------------------------
     formals(op_myfun) has length 0, not length 4.
    
     -- 11. Failure: opfw - good cases (@test_opwf.R#54) ---------------------------
     `op_myfun` has type `list`, not `closure`.
    
     -- 12. Failure: patchArgumentInCode (@test_patchArgumentInCode.R#13) ----------
     tm[1] not equal to er[1].
     1/1 mismatches
     x[1]: "length Ï<c2><9f>(Ï<c2><9f> x Ï<c2><9f>)Ï<c2><9f> "
     y[1]: "length(anotherX_d_1)"
    
     -- 13. Failure: patchArgumentInCode (@test_patchArgumentInCode.R#14) ----------
     tm[2] not equal to er[2].
     1/1 mismatches
     x[1]: "x Ï<c2><9f>(Ï<c2><9f> x Ï<c2><9f>)Ï<c2><9f> "
     y[1]: "x(anotherX_d_1)"
    
     -- 14. Failure: patchArgumentInCode (@test_patchArgumentInCode.R#15) ----------
     tm[3] not equal to er[3].
     1/1 mismatches
     x[1]: "f Ï<c2><9f>(Ï<c2><9f> x Ï<c2><9f>(Ï<c2><9f> x Ï<c2><9f>)Ï<c2><9f> Ï<c2><9f>)Ï<c2><9f> "
     y[1]: "f(x(anotherX_d_1))"
    
     -- 15. Failure: patchArgumentInCode (@test_patchArgumentInCode.R#20) ----------
     patchArgumentInCode("x$x", "x", "x_d") not equal to "x$x".
     1/1 mismatches
     x[1]: "x Ï<c2><9f>$Ï<c2><9f> x"
     y[1]: "x$x"
    
     -- 16. Failure: patchArgumentInCode (@test_patchArgumentInCode.R#21) ----------
     patchArgumentInCode("x.x", "x", "x_d") not equal to "x.x".
     1/1 mismatches
     x[1]: "x Ï<c2><9f>.Ï<c2><9f> x"
     y[1]: "x.x"
    
     -- 17. Failure: patchArgumentInCode (@test_patchArgumentInCode.R#22) ----------
     patchArgumentInCode("x@x", "x", "x_d") not equal to "x@x".
     1/1 mismatches
     x[1]: "x Ï<c2><9f>@Ï<c2><9f> x"
     y[1]: "x@x"
    
     -- 18. Failure: patchArgumentInCode (@test_patchArgumentInCode.R#23) ----------
     patchArgumentInCode("y:x", "x", "x_d") not equal to "y:x_d".
     1/1 mismatches
     x[1]: "y Ï<c2><9f>:Ï<c2><9f> x"
     y[1]: "y:x_d"
    
     -- 19. Failure: patchArgumentInCode (@test_patchArgumentInCode.R#24) ----------
     patchArgumentInCode("y::x", "x", "x_d") not equal to "y::x".
     1/1 mismatches
     x[1]: "y Ï<c2><9f>::Ï<c2><9f> x"
     y[1]: "y::x"
    
     -- 20. Failure: patchArgumentInCode (@test_patchArgumentInCode.R#25) ----------
     patchArgumentInCode("y:::x", "x", "x_d") not equal to "y:::x".
     1/1 mismatches
     x[1]: "y Ï<c2><9f>:::Ï<c2><9f> x"
     y[1]: "y:::x"
    
     -- 21. Error: (unknown) (@test_testFunction.R#42) -----------------------------
     could not find function "str2lang"
     Backtrace:
     1. wyz.code.metaTesting::opwf(sum, c("...", "removeNA_b_1"))
    
     == testthat results ===========================================================
     [ OK: 405 | SKIPPED: 0 | WARNINGS: 7 | FAILED: 21 ]
     1. Error: (unknown) (@test_exploreSignatures.R#3)
     2. Error: (unknown) (@test_generateData.R#3)
     3. Error: guardExecution - coverage (@test_guardExecution.R#8)
     4. Failure: opfw - good cases (@test_opwf.R#38)
     5. Failure: opfw - good cases (@test_opwf.R#39)
     6. Failure: opfw - good cases (@test_opwf.R#43)
     7. Failure: opfw - good cases (@test_opwf.R#44)
     8. Failure: opfw - good cases (@test_opwf.R#48)
     9. Failure: opfw - good cases (@test_opwf.R#49)
     1. ...
    
     Error: testthat unit tests failed
     Execution halted
Flavor: r-oldrel-windows-ix86+x86_64

Version: 1.1.4
Check: tests
Result: ERROR
     Running ‘testthat.R’ [9s/4s]
    Running the tests in ‘tests/testthat.R’ failed.
    Last 13 lines of output:
     ══ testthat results ═══════════════════════════════════════════════════════════
     [ OK: 414 | SKIPPED: 0 | WARNINGS: 7 | FAILED: 12 ]
     1. Error: (unknown) (@test_exploreSignatures.R#3)
     2. Error: (unknown) (@test_generateData.R#3)
     3. Error: guardExecution - coverage (@test_guardExecution.R#8)
     4. Failure: opfw - good cases (@test_opwf.R#38)
     5. Failure: opfw - good cases (@test_opwf.R#39)
     6. Failure: opfw - good cases (@test_opwf.R#43)
     7. Failure: opfw - good cases (@test_opwf.R#44)
     8. Failure: opfw - good cases (@test_opwf.R#48)
     9. Failure: opfw - good cases (@test_opwf.R#49)
     1. ...
    
     Error: testthat unit tests failed
     Execution halted
Flavor: r-oldrel-osx-x86_64