CRAN Package Check Results for Package wyz.code.rdoc

Last updated on 2021-05-09 20:47:53 CEST.

Flavor Version Tinstall Tcheck Ttotal Status Flags
r-devel-linux-x86_64-debian-clang 1.1.16 7.94 156.84 164.78 OK
r-devel-linux-x86_64-debian-gcc 1.1.16 7.15 104.27 111.42 OK
r-devel-linux-x86_64-fedora-clang 1.1.16 192.79 OK
r-devel-linux-x86_64-fedora-gcc 1.1.16 175.63 OK
r-devel-windows-ix86+x86_64 1.1.16 23.00 187.00 210.00 OK
r-devel-windows-x86_64-gcc10-UCRT 1.1.16 OK
r-patched-linux-x86_64 1.1.16 9.00 132.66 141.66 OK
r-patched-solaris-x86 1.1.16 254.60 OK
r-release-linux-x86_64 1.1.16 9.30 133.54 142.84 OK
r-release-macos-x86_64 1.1.16 OK
r-release-windows-ix86+x86_64 1.1.16 15.00 139.00 154.00 OK
r-oldrel-macos-x86_64 1.1.16 OK
r-oldrel-windows-ix86+x86_64 1.1.16 17.00 5.00 22.00 ERROR

Check Details

Version: 1.1.16
Check: whether package can be installed
Result: ERROR
    
    See * DONE
Flavor: r-oldrel-windows-ix86+x86_64