CRAN Package Check Results for Package x12

Last updated on 2018-05-21 15:47:09 CEST.

Flavor Version Tinstall Tcheck Ttotal Status Flags
r-devel-linux-x86_64-debian-clang 1.9.0 6.99 60.08 67.07 OK
r-devel-linux-x86_64-debian-gcc 1.9.0 8.00 51.29 59.29 OK
r-devel-linux-x86_64-fedora-clang 1.9.0 92.28 OK
r-devel-linux-x86_64-fedora-gcc 1.9.0 89.57 OK
r-devel-windows-ix86+x86_64 1.9.0 19.00 115.00 134.00 OK
r-patched-linux-x86_64 1.9.0 9.34 65.22 74.56 OK
r-patched-solaris-x86 1.9.0 18.80 ERROR
r-release-linux-x86_64 1.9.0 9.84 64.77 74.61 OK
r-release-windows-ix86+x86_64 1.9.0 18.00 103.00 121.00 OK
r-release-osx-x86_64 1.9.0 OK
r-oldrel-windows-ix86+x86_64 1.9.0 19.00 82.00 101.00 OK
r-oldrel-osx-x86_64 1.9.0 OK

Check Details

Version: 1.9.0
Check: whether package can be installed
Result: ERROR
    Installation failed.
Flavor: r-patched-solaris-x86