CRAN Package Check Results for Package x12

Last updated on 2019-02-15 20:47:13 CET.

Flavor Version Tinstall Tcheck Ttotal Status Flags
r-devel-linux-x86_64-debian-clang 1.9.0 10.08 69.31 79.39 OK
r-devel-linux-x86_64-debian-gcc 1.9.0 8.11 52.82 60.93 OK
r-devel-linux-x86_64-fedora-clang 1.9.0 94.48 OK
r-devel-linux-x86_64-fedora-gcc 1.9.0 89.94 OK
r-devel-windows-ix86+x86_64 1.9.0 26.00 120.00 146.00 OK
r-patched-linux-x86_64 1.9.0 8.60 66.77 75.37 OK
r-patched-solaris-x86 1.9.0 19.30 ERROR
r-release-linux-x86_64 1.9.0 8.98 65.35 74.33 OK
r-release-windows-ix86+x86_64 1.9.0 11.00 108.00 119.00 OK
r-release-osx-x86_64 1.9.0 OK
r-oldrel-windows-ix86+x86_64 1.9.0 19.00 114.00 133.00 OK
r-oldrel-osx-x86_64 1.9.0 OK

Check Details

Version: 1.9.0
Check: whether package can be installed
Result: ERROR
    Installation failed.
Flavor: r-patched-solaris-x86