CRAN Package Check Results for Package x12

Last updated on 2018-08-21 08:49:19 CEST.

Flavor Version Tinstall Tcheck Ttotal Status Flags
r-devel-linux-x86_64-debian-clang 1.9.0 8.93 67.70 76.63 OK
r-devel-linux-x86_64-debian-gcc 1.9.0 7.30 53.14 60.44 OK
r-devel-linux-x86_64-fedora-clang 1.9.0 90.73 OK
r-devel-linux-x86_64-fedora-gcc 1.9.0 94.65 OK
r-devel-windows-ix86+x86_64 1.9.0 18.00 102.00 120.00 OK
r-patched-linux-x86_64 1.9.0 10.01 65.50 75.51 OK
r-patched-solaris-x86 1.9.0 16.70 ERROR
r-release-linux-x86_64 1.9.0 8.51 64.77 73.28 OK
r-release-windows-ix86+x86_64 1.9.0 19.00 78.00 97.00 OK
r-release-osx-x86_64 1.9.0 OK
r-oldrel-windows-ix86+x86_64 1.9.0 14.00 108.00 122.00 OK
r-oldrel-osx-x86_64 1.9.0 OK

Check Details

Version: 1.9.0
Check: whether package can be installed
Result: ERROR
    Installation failed.
Flavor: r-patched-solaris-x86