CRAN Package Check Results for Package x12

Last updated on 2018-11-15 04:50:28 CET.

Flavor Version Tinstall Tcheck Ttotal Status Flags
r-devel-linux-x86_64-debian-clang 1.9.0 8.24 70.05 78.29 OK
r-devel-linux-x86_64-debian-gcc 1.9.0 6.12 53.28 59.40 OK
r-devel-linux-x86_64-fedora-clang 1.9.0 93.10 OK
r-devel-linux-x86_64-fedora-gcc 1.9.0 89.37 OK
r-devel-windows-ix86+x86_64 1.9.0 14.00 109.00 123.00 OK
r-patched-linux-x86_64 1.9.0 10.72 65.67 76.39 OK
r-patched-solaris-x86 1.9.0 16.60 ERROR
r-release-linux-x86_64 1.9.0 9.37 64.92 74.29 OK
r-release-windows-ix86+x86_64 1.9.0 18.00 100.00 118.00 OK
r-release-osx-x86_64 1.9.0 OK
r-oldrel-windows-ix86+x86_64 1.9.0 20.00 80.00 100.00 OK
r-oldrel-osx-x86_64 1.9.0 OK

Check Details

Version: 1.9.0
Check: whether package can be installed
Result: ERROR
    Installation failed.
Flavor: r-patched-solaris-x86