CRAN Package Check Results for Package x12

Last updated on 2018-02-26 03:49:24 CET.

Flavor Version Tinstall Tcheck Ttotal Status Flags
r-devel-linux-x86_64-debian-clang 1.9.0 10.42 58.26 68.68 OK
r-devel-linux-x86_64-debian-gcc 1.9.0 7.89 49.48 57.37 OK
r-devel-linux-x86_64-fedora-clang 1.9.0 90.02 OK
r-devel-linux-x86_64-fedora-gcc 1.9.0 86.23 OK
r-devel-windows-ix86+x86_64 1.9.0 18.00 78.00 96.00 ERROR
r-patched-linux-x86_64 1.9.0 9.04 67.97 77.01 OK
r-patched-solaris-x86 1.9.0 16.10 ERROR
r-release-linux-x86_64 1.9.0 7.64 68.19 75.83 OK
r-release-windows-ix86+x86_64 1.9.0 16.00 102.00 118.00 OK
r-release-osx-x86_64 1.9.0 OK
r-oldrel-windows-ix86+x86_64 1.9.0 12.00 69.00 81.00 OK
r-oldrel-osx-x86_64 1.9.0 OK

Check Details

Version: 1.9.0
Check: whether package can be installed
Result: ERROR
    Installation failed.
Flavors: r-devel-windows-ix86+x86_64, r-patched-solaris-x86