Last updated on 2025-01-20 15:48:39 CET.
Flavor | Version | Tinstall | Tcheck | Ttotal | Status | Flags |
---|---|---|---|---|---|---|
r-devel-linux-x86_64-debian-clang | 2.3 | 16.19 | 102.64 | 118.83 | OK | |
r-devel-linux-x86_64-debian-gcc | 2.3 | 9.62 | 73.24 | 82.86 | OK | |
r-devel-linux-x86_64-fedora-clang | 2.3 | 198.15 | OK | |||
r-devel-linux-x86_64-fedora-gcc | 2.3 | 177.77 | OK | |||
r-devel-windows-x86_64 | 2.3 | 11.00 | 5.00 | 16.00 | ERROR | |
r-patched-linux-x86_64 | 2.3 | 13.36 | 97.52 | 110.88 | OK | |
r-release-linux-x86_64 | 2.3 | 12.65 | 96.79 | 109.44 | OK | |
r-release-macos-arm64 | 2.3 | 48.00 | OK | |||
r-release-macos-x86_64 | 2.3 | 82.00 | OK | |||
r-release-windows-x86_64 | 2.3 | 15.00 | 118.00 | 133.00 | OK | |
r-oldrel-macos-arm64 | 2.3 | 56.00 | OK | |||
r-oldrel-macos-x86_64 | 2.3 | 126.00 | OK | |||
r-oldrel-windows-x86_64 | 2.3 | 13.00 | 8.00 | 21.00 | OK |
Version: 2.3
Check: whether package can be installed
Result: ERROR
Installation failed.
Flavor: r-devel-windows-x86_64