CRAN Package Check Results for Package xdvir

Last updated on 2025-06-21 10:48:40 CEST.

Flavor Version Tinstall Tcheck Ttotal Status Flags
r-devel-linux-x86_64-debian-clang 0.1-2 11.41 182.71 194.12 OK
r-devel-linux-x86_64-debian-gcc 0.1-2 7.46 134.93 142.39 OK
r-devel-linux-x86_64-fedora-clang 0.1-2 304.14 OK
r-devel-linux-x86_64-fedora-gcc 0.1-2 300.40 OK
r-devel-windows-x86_64 0.1-2 26.00 460.00 486.00 OK
r-patched-linux-x86_64 0.1-2 10.74 177.62 188.36 OK
r-release-linux-x86_64 0.1-2 10.19 177.17 187.36 OK
r-release-macos-arm64 0.1-2 87.00 OK
r-release-macos-x86_64 0.1-2 234.00 OK
r-release-windows-x86_64 0.1-2 27.00 467.00 494.00 OK
r-oldrel-macos-arm64 0.1-2 82.00 NOTE
r-oldrel-macos-x86_64 0.1-2 215.00 NOTE
r-oldrel-windows-x86_64 0.1-2 27.00 449.00 476.00 OK

Check Details

Version: 0.1-2
Check: installed package size
Result: NOTE installed size is 21.8Mb sub-directories of 1Mb or more: Fonts 1.3Mb libs 19.7Mb Flavors: r-oldrel-macos-arm64, r-oldrel-macos-x86_64