CRAN Package Check Results for Package xgboost

Last updated on 2018-08-19 09:48:26 CEST.

Flavor Version Tinstall Tcheck Ttotal Status Flags
r-devel-linux-x86_64-debian-clang 0.71.2 86.64 167.53 254.17 NOTE
r-devel-linux-x86_64-debian-gcc 0.71.2 95.16 130.74 225.90 NOTE
r-devel-linux-x86_64-fedora-clang 0.71.2 336.95 NOTE
r-devel-linux-x86_64-fedora-gcc 0.71.2 343.31 NOTE
r-devel-windows-ix86+x86_64 0.71.2 239.00 371.00 610.00 NOTE
r-patched-linux-x86_64 0.71.2 111.61 144.66 256.27 NOTE
r-patched-solaris-x86 0.71.2 409.20 NOTE
r-release-linux-x86_64 0.71.2 113.71 139.42 253.13 NOTE
r-release-windows-ix86+x86_64 0.71.2 239.00 241.00 480.00 NOTE
r-release-osx-x86_64 0.71.2 NOTE
r-oldrel-windows-ix86+x86_64 0.71.2 194.00 231.00 425.00 NOTE
r-oldrel-osx-x86_64 0.71.2 NOTE

Check Details

Version: 0.71.2
Check: for GNU extensions in Makefiles
Result: NOTE
    GNU make is a SystemRequirements.
Flavors: r-devel-linux-x86_64-debian-clang, r-devel-linux-x86_64-debian-gcc, r-devel-linux-x86_64-fedora-clang, r-devel-linux-x86_64-fedora-gcc, r-devel-windows-ix86+x86_64, r-patched-linux-x86_64, r-patched-solaris-x86, r-release-linux-x86_64, r-release-windows-ix86+x86_64, r-release-osx-x86_64, r-oldrel-windows-ix86+x86_64, r-oldrel-osx-x86_64

Version: 0.71.2
Check: installed package size
Result: NOTE
     installed size is 19.2Mb
     sub-directories of 1Mb or more:
     libs 18.4Mb
Flavors: r-devel-linux-x86_64-fedora-clang, r-release-osx-x86_64, r-oldrel-osx-x86_64

Version: 0.71.2
Check: use of SHLIB_OPENMP_*FLAGS in Makefiles
Result: NOTE
     src/Makevars: incorrect macro SHLIB_OPENMP_CFLAGS included in PKG_CXXFLAGS
     src/Makevars: SHLIB_OPENMP_CFLAGS is included in PKG_LIBS but not in PKG_CFLAGS
     src/Makevars.win: incorrect macro SHLIB_OPENMP_CFLAGS included in PKG_CXXFLAGS
     src/Makevars.win: SHLIB_OPENMP_CFLAGS is included in PKG_LIBS but not in PKG_CFLAGS
    Use of these macros is discussed in sect 1.2.1.1 of ‘Writing R
    Extensions’. The macros for different languages may differ so the
    matching macro must be used in PKG_CXXFLAGS (etc) and match that used
    in PKG_LIBS (except for F77: see the manual).
Flavors: r-devel-linux-x86_64-fedora-clang, r-devel-linux-x86_64-fedora-gcc