CRAN Package Check Results for Package xgboost

Last updated on 2018-05-26 19:47:02 CEST.

Flavor Version Tinstall Tcheck Ttotal Status Flags
r-devel-linux-x86_64-debian-clang 0.71.1 89.89 175.57 265.46 WARN
r-devel-linux-x86_64-debian-gcc 0.71.1 80.56 125.85 206.41 WARN
r-devel-linux-x86_64-fedora-clang 0.71.1 329.27 NOTE
r-devel-linux-x86_64-fedora-gcc 0.71.1 309.84 NOTE
r-devel-windows-ix86+x86_64 0.71.1 177.00 232.00 409.00 NOTE
r-patched-linux-x86_64 0.71.1 92.19 139.74 231.93 NOTE
r-patched-solaris-x86 0.71.1 7.30 ERROR
r-release-linux-x86_64 0.71.1 92.36 139.43 231.79 NOTE
r-release-windows-ix86+x86_64 0.71.1 233.00 304.00 537.00 NOTE
r-release-osx-x86_64 0.71.1 NOTE
r-oldrel-windows-ix86+x86_64 0.71.1 204.00 224.00 428.00 NOTE
r-oldrel-osx-x86_64 0.6.4.1 NOTE

Check Details

Version: 0.71.1
Check: for GNU extensions in Makefiles
Result: NOTE
    GNU make is a SystemRequirements.
Flavors: r-devel-linux-x86_64-debian-clang, r-devel-linux-x86_64-debian-gcc, r-devel-linux-x86_64-fedora-clang, r-devel-linux-x86_64-fedora-gcc, r-devel-windows-ix86+x86_64, r-patched-linux-x86_64, r-release-linux-x86_64, r-release-windows-ix86+x86_64, r-release-osx-x86_64, r-oldrel-windows-ix86+x86_64

Version: 0.71.1
Check: for unstated dependencies in ‘tests’
Result: WARN
    '::' or ':::' import not declared from: ‘lintr’
Flavors: r-devel-linux-x86_64-debian-clang, r-devel-linux-x86_64-debian-gcc

Version: 0.71.1
Check: installed package size
Result: NOTE
     installed size is 18.2Mb
     sub-directories of 1Mb or more:
     libs 17.4Mb
Flavors: r-devel-linux-x86_64-fedora-clang, r-devel-linux-x86_64-fedora-gcc, r-release-osx-x86_64

Version: 0.71.1
Check: whether package can be installed
Result: ERROR
    Installation failed.
Flavor: r-patched-solaris-x86

Version: 0.6.4.1
Check: installed package size
Result: NOTE
     installed size is 13.4Mb
     sub-directories of 1Mb or more:
     libs 12.8Mb
Flavor: r-oldrel-osx-x86_64