CRAN Package Check Results for Package xgboost

Last updated on 2018-02-20 05:48:19 CET.

Flavor Version Tinstall Tcheck Ttotal Status Flags
r-devel-linux-x86_64-debian-clang 0.6.4.1 65.07 130.24 195.31 OK
r-devel-linux-x86_64-debian-gcc 0.6.4.1 58.88 109.93 168.81 OK
r-devel-linux-x86_64-fedora-clang 0.6.4.1 278.51 NOTE
r-devel-linux-x86_64-fedora-gcc 0.6.4.1 253.12 NOTE
r-devel-windows-ix86+x86_64 0.6.4.1 125.00 199.00 324.00 OK
r-patched-linux-x86_64 0.6.4.1 63.05 142.44 205.49 OK
r-patched-solaris-x86 0.6.4.1 319.30 OK
r-release-linux-x86_64 0.6.4.1 66.80 140.10 206.90 OK
r-release-windows-ix86+x86_64 0.6.4.1 165.00 208.00 373.00 OK
r-release-osx-x86_64 0.6.4.1 NOTE
r-oldrel-windows-ix86+x86_64 0.6.4.1 170.00 243.00 413.00 OK
r-oldrel-osx-x86_64 0.6-4 NOTE

Check Details

Version: 0.6.4.1
Check: installed package size
Result: NOTE
     installed size is 13.8Mb
     sub-directories of 1Mb or more:
     libs 13.1Mb
Flavors: r-devel-linux-x86_64-fedora-clang, r-devel-linux-x86_64-fedora-gcc, r-release-osx-x86_64

Version: 0.6-4
Check: installed package size
Result: NOTE
     installed size is 12.3Mb
     sub-directories of 1Mb or more:
     libs 11.7Mb
Flavor: r-oldrel-osx-x86_64