CRAN Package Check Results for Package xgboost

Last updated on 2018-11-21 09:48:53 CET.

Flavor Version Tinstall Tcheck Ttotal Status Flags
r-devel-linux-x86_64-debian-clang 0.71.2 98.23 163.28 261.51 NOTE
r-devel-linux-x86_64-debian-gcc 0.71.2 95.10 132.25 227.35 WARN
r-devel-linux-x86_64-fedora-clang 0.71.2 341.51 NOTE
r-devel-linux-x86_64-fedora-gcc 0.71.2 326.30 WARN
r-devel-windows-ix86+x86_64 0.71.2 237.00 326.00 563.00 NOTE
r-patched-linux-x86_64 0.71.2 108.39 149.33 257.72 NOTE
r-patched-solaris-x86 0.71.2 422.50 NOTE
r-release-linux-x86_64 0.71.2 112.53 144.81 257.34 NOTE
r-release-windows-ix86+x86_64 0.71.2 204.00 319.00 523.00 NOTE
r-release-osx-x86_64 0.71.2 NOTE
r-oldrel-windows-ix86+x86_64 0.71.2 238.00 321.00 559.00 NOTE
r-oldrel-osx-x86_64 0.71.2 NOTE

Check Details

Version: 0.71.2
Check: for GNU extensions in Makefiles
Result: NOTE
    GNU make is a SystemRequirements.
Flavors: r-devel-linux-x86_64-debian-clang, r-devel-linux-x86_64-debian-gcc, r-devel-linux-x86_64-fedora-clang, r-devel-linux-x86_64-fedora-gcc, r-devel-windows-ix86+x86_64, r-patched-linux-x86_64, r-patched-solaris-x86, r-release-linux-x86_64, r-release-windows-ix86+x86_64, r-release-osx-x86_64, r-oldrel-windows-ix86+x86_64, r-oldrel-osx-x86_64

Version: 0.71.2
Check: use of SHLIB_OPENMP_*FLAGS in Makefiles
Result: NOTE
     src/Makevars.win: incorrect macro SHLIB_OPENMP_CFLAGS included in PKG_CXXFLAGS
     src/Makevars.win: SHLIB_OPENMP_CFLAGS is included in PKG_LIBS but not in PKG_CFLAGS
    Use of these macros is discussed in sect 1.2.1.1 of ‘Writing R
    Extensions’. The macros for different languages may differ so the
    matching macro must be used in PKG_CXXFLAGS (etc) and match that used
    in PKG_LIBS (except for F77: see the manual).
Flavors: r-devel-linux-x86_64-debian-clang, r-devel-linux-x86_64-debian-gcc

Version: 0.71.2
Check: whether package can be installed
Result: WARN
    Found the following significant warnings:
     ./dmlc-core/include/dmlc/./parameter.h:997:25: warning: catching polymorphic type ‘const class std::out_of_range’ by value [-Wcatch-value=]
     ./dmlc-core/include/dmlc/./parameter.h:1022:25: warning: catching polymorphic type ‘const class std::out_of_range’ by value [-Wcatch-value=]
     ./dmlc-core/include/dmlc/././parameter.h:997:25: warning: catching polymorphic type ‘const class std::out_of_range’ by value [-Wcatch-value=]
     ./dmlc-core/include/dmlc/././parameter.h:1022:25: warning: catching polymorphic type ‘const class std::out_of_range’ by value [-Wcatch-value=]
Flavors: r-devel-linux-x86_64-debian-gcc, r-devel-linux-x86_64-fedora-gcc

Version: 0.71.2
Check: installed package size
Result: NOTE
     installed size is 19.8Mb
     sub-directories of 1Mb or more:
     libs 19.1Mb
Flavors: r-devel-linux-x86_64-fedora-clang, r-release-osx-x86_64, r-oldrel-osx-x86_64

Version: 0.71.2
Check: use of SHLIB_OPENMP_*FLAGS in Makefiles
Result: NOTE
     src/Makevars: incorrect macro SHLIB_OPENMP_CFLAGS included in PKG_CXXFLAGS
     src/Makevars: SHLIB_OPENMP_CFLAGS is included in PKG_LIBS but not in PKG_CFLAGS
     src/Makevars.win: incorrect macro SHLIB_OPENMP_CFLAGS included in PKG_CXXFLAGS
     src/Makevars.win: SHLIB_OPENMP_CFLAGS is included in PKG_LIBS but not in PKG_CFLAGS
    Use of these macros is discussed in sect 1.2.1.1 of ‘Writing R
    Extensions’. The macros for different languages may differ so the
    matching macro must be used in PKG_CXXFLAGS (etc) and match that used
    in PKG_LIBS (except for F77: see the manual).
Flavors: r-devel-linux-x86_64-fedora-clang, r-devel-linux-x86_64-fedora-gcc