Last updated on 2019-02-21 07:48:59 CET.
Flavor | Version | Tinstall | Tcheck | Ttotal | Status | Flags |
---|---|---|---|---|---|---|
r-devel-linux-x86_64-debian-clang | 0.81.0.1 | 94.67 | 190.58 | 285.25 | NOTE | |
r-devel-linux-x86_64-debian-gcc | 0.81.0.1 | 97.74 | 151.20 | 248.94 | NOTE | |
r-devel-linux-x86_64-fedora-clang | 0.81.0.1 | 384.16 | NOTE | |||
r-devel-linux-x86_64-fedora-gcc | 0.81.0.1 | 355.57 | NOTE | |||
r-devel-windows-ix86+x86_64 | 0.81.0.1 | 256.00 | 338.00 | 594.00 | NOTE | |
r-patched-linux-x86_64 | 0.81.0.1 | NOTE | ||||
r-patched-solaris-x86 | 0.81.0.1 | 28.10 | ERROR | |||
r-release-linux-x86_64 | 0.81.0.1 | NOTE | ||||
r-release-windows-ix86+x86_64 | 0.81.0.1 | 209.00 | 316.00 | 525.00 | NOTE | |
r-release-osx-x86_64 | 0.81.0.1 | NOTE | ||||
r-oldrel-windows-ix86+x86_64 | 0.81.0.1 | 230.00 | 327.00 | 557.00 | NOTE | |
r-oldrel-osx-x86_64 | 0.81.0.1 | NOTE |
Version: 0.81.0.1
Check: for GNU extensions in Makefiles
Result: NOTE
GNU make is a SystemRequirements.
Flavors: r-devel-linux-x86_64-debian-clang, r-devel-linux-x86_64-debian-gcc, r-devel-linux-x86_64-fedora-clang, r-devel-linux-x86_64-fedora-gcc, r-devel-windows-ix86+x86_64, r-patched-linux-x86_64, r-release-linux-x86_64, r-release-windows-ix86+x86_64, r-release-osx-x86_64, r-oldrel-windows-ix86+x86_64, r-oldrel-osx-x86_64
Version: 0.81.0.1
Check: installed package size
Result: NOTE
installed size is 20.4Mb
sub-directories of 1Mb or more:
libs 19.6Mb
Flavors: r-devel-linux-x86_64-fedora-clang, r-devel-windows-ix86+x86_64, r-release-windows-ix86+x86_64, r-release-osx-x86_64, r-oldrel-windows-ix86+x86_64, r-oldrel-osx-x86_64
Version: 0.81.0.1
Check: whether package can be installed
Result: ERROR
Installation failed.
Flavor: r-patched-solaris-x86