CRAN Package Check Results for Package xlink

Last updated on 2024-02-27 07:55:04 CET.

Flavor Version Tinstall Tcheck Ttotal Status Flags
r-devel-linux-x86_64-debian-clang 1.0.1 8.83 76.77 85.60 NOTE
r-devel-linux-x86_64-debian-gcc 1.0.1 6.36 59.90 66.26 NOTE
r-devel-linux-x86_64-fedora-clang 1.0.1 107.24 NOTE
r-devel-linux-x86_64-fedora-gcc 1.0.1 113.62 NOTE
r-devel-windows-x86_64 1.0.1 8.00 75.00 83.00 NOTE
r-patched-linux-x86_64 1.0.1 7.85 76.98 84.83 NOTE
r-release-linux-x86_64 1.0.1 6.26 76.35 82.61 NOTE
r-release-macos-arm64 1.0.1 41.00 NOTE
r-release-macos-x86_64 1.0.1 69.00 NOTE
r-release-windows-x86_64 1.0.1 10.00 85.00 95.00 NOTE
r-oldrel-macos-arm64 1.0.1 33.00 OK
r-oldrel-windows-x86_64 1.0.1 11.00 88.00 99.00 OK

Check Details

Version: 1.0.1
Check: package subdirectories
Result: NOTE Problems with news in ‘NEWS.md’: No news entries found. Flavors: r-devel-linux-x86_64-debian-clang, r-devel-linux-x86_64-debian-gcc, r-devel-linux-x86_64-fedora-clang, r-devel-linux-x86_64-fedora-gcc, r-devel-windows-x86_64, r-patched-linux-x86_64, r-release-linux-x86_64, r-release-macos-arm64, r-release-macos-x86_64, r-release-windows-x86_64