Last updated on 2025-01-24 05:49:38 CET.
Flavor | Version | Tinstall | Tcheck | Ttotal | Status | Flags |
---|---|---|---|---|---|---|
r-devel-linux-x86_64-debian-clang | 0.6.1 | 3.43 | 25.62 | 29.05 | OK | |
r-devel-linux-x86_64-debian-gcc | 0.6.1 | 2.37 | 19.10 | 21.47 | OK | |
r-devel-linux-x86_64-fedora-clang | 0.6.1 | 49.82 | OK | |||
r-devel-linux-x86_64-fedora-gcc | 0.6.1 | 44.93 | OK | |||
r-devel-windows-x86_64 | 0.6.1 | 5.00 | 45.00 | 50.00 | OK | |
r-patched-linux-x86_64 | 0.6.1 | 2.67 | 24.44 | 27.11 | OK | |
r-release-linux-x86_64 | 0.6.1 | 3.00 | 24.42 | 27.42 | OK | |
r-release-macos-arm64 | 0.6.1 | 18.00 | NOTE | |||
r-release-macos-x86_64 | 0.6.1 | 27.00 | NOTE | |||
r-release-windows-x86_64 | 0.6.1 | 5.00 | 43.00 | 48.00 | NOTE | |
r-oldrel-macos-arm64 | 0.6.1 | 19.00 | NOTE | |||
r-oldrel-macos-x86_64 | 0.6.1 | 29.00 | NOTE | |||
r-oldrel-windows-x86_64 | 0.6.1 | 5.00 | 45.00 | 50.00 | NOTE |
Version: 0.6.1
Check: installed package size
Result: NOTE
installed size is 10.8Mb
sub-directories of 1Mb or more:
java 10.7Mb
Flavors: r-release-macos-arm64, r-release-macos-x86_64, r-release-windows-x86_64, r-oldrel-macos-arm64, r-oldrel-macos-x86_64, r-oldrel-windows-x86_64