CRAN Package Check Results for Package xlsxjars

Last updated on 2022-12-01 04:56:26 CET.

Flavor Version Tinstall Tcheck Ttotal Status Flags
r-devel-linux-x86_64-debian-clang 0.6.1 4.51 33.34 37.85 OK
r-devel-linux-x86_64-debian-gcc 0.6.1 3.21 25.91 29.12 OK
r-devel-linux-x86_64-fedora-clang 0.6.1 56.19 NOTE
r-devel-linux-x86_64-fedora-gcc 0.6.1 57.18 OK
r-devel-windows-x86_64 0.6.1 16.00 61.00 77.00 NOTE
r-patched-linux-x86_64 0.6.1 4.69 32.52 37.21 OK
r-release-linux-x86_64 0.6.1 4.40 31.99 36.39 OK
r-release-macos-arm64 0.6.1 18.00 NOTE
r-release-macos-x86_64 0.6.1 27.00 NOTE
r-release-windows-x86_64 0.6.1 7.00 57.00 64.00 NOTE
r-oldrel-macos-arm64 0.6.1 23.00 NOTE
r-oldrel-macos-x86_64 0.6.1 34.00 NOTE
r-oldrel-windows-ix86+x86_64 0.6.1 9.00 48.00 57.00 NOTE

Check Details

Version: 0.6.1
Check: installed package size
Result: NOTE
     installed size is 10.8Mb
     sub-directories of 1Mb or more:
     java 10.7Mb
Flavors: r-devel-linux-x86_64-fedora-clang, r-devel-windows-x86_64, r-release-macos-arm64, r-release-macos-x86_64, r-release-windows-x86_64, r-oldrel-macos-arm64, r-oldrel-macos-x86_64, r-oldrel-windows-ix86+x86_64