CRAN Package Check Results for Package xml2

Last updated on 2022-10-03 08:53:21 CEST.

Flavor Version Tinstall Tcheck Ttotal Status Flags
r-devel-linux-x86_64-debian-clang 1.3.3 15.14 43.10 58.24 OK
r-devel-linux-x86_64-debian-gcc 1.3.3 10.58 33.28 43.86 OK
r-devel-linux-x86_64-fedora-clang 1.3.3 100.00 OK
r-devel-linux-x86_64-fedora-gcc 1.3.3 81.89 OK
r-devel-windows-x86_64 1.3.3 331.00 96.00 427.00 OK
r-patched-linux-x86_64 1.3.3 12.30 42.15 54.45 OK
r-release-linux-x86_64 1.3.3 13.49 41.95 55.44 OK
r-release-macos-arm64 1.3.3 29.00 OK
r-release-macos-x86_64 1.3.3 41.00 OK
r-release-windows-x86_64 1.3.3 84.00 94.00 178.00 OK
r-oldrel-macos-arm64 1.3.3 169.00 NOTE
r-oldrel-macos-x86_64 1.3.3 43.00 NOTE
r-oldrel-windows-ix86+x86_64 1.3.3 46.00 95.00 141.00 OK

Check Details

Version: 1.3.3
Check: installed package size
Result: NOTE
     installed size is 7.1Mb
     sub-directories of 1Mb or more:
     libs 6.7Mb
Flavors: r-oldrel-macos-arm64, r-oldrel-macos-x86_64