CRAN Package Check Results for Package xml2

Last updated on 2018-02-21 17:48:34 CET.

Flavor Version Tinstall Tcheck Ttotal Status Flags
r-devel-linux-x86_64-debian-clang 1.2.0 59.03 35.31 94.34 NOTE
r-devel-linux-x86_64-debian-gcc 1.2.0 48.18 26.52 74.70 NOTE
r-devel-linux-x86_64-fedora-clang 1.2.0 141.93 NOTE
r-devel-linux-x86_64-fedora-gcc 1.2.0 125.59 NOTE
r-devel-windows-ix86+x86_64 1.2.0 127.00 79.00 206.00 NOTE
r-patched-linux-x86_64 1.2.0 59.67 36.47 96.14 NOTE
r-patched-solaris-x86 1.2.0 117.50 NOTE
r-release-linux-x86_64 1.2.0 61.09 35.73 96.82 NOTE
r-release-windows-ix86+x86_64 1.2.0 186.00 113.00 299.00 NOTE
r-release-osx-x86_64 1.2.0 NOTE
r-oldrel-windows-ix86+x86_64 1.2.0 136.00 79.00 215.00 NOTE
r-oldrel-osx-x86_64 1.1.1 OK

Check Details

Version: 1.2.0
Check: compiled code
Result: NOTE
    File ‘xml2/libs/xml2.so’:
     Found non-API calls to R: ‘R_GetConnection’, ‘R_WriteConnection’
    
    Compiled code should not call non-API entry points in R.
    
    See ‘Writing portable packages’ in the ‘Writing R Extensions’ manual.
Flavors: r-devel-linux-x86_64-debian-clang, r-devel-linux-x86_64-debian-gcc, r-devel-linux-x86_64-fedora-clang, r-devel-linux-x86_64-fedora-gcc, r-patched-linux-x86_64, r-patched-solaris-x86, r-release-linux-x86_64, r-release-osx-x86_64

Version: 1.2.0
Check: installed package size
Result: NOTE
     installed size is 6.7Mb
     sub-directories of 1Mb or more:
     libs 6.4Mb
Flavors: r-devel-windows-ix86+x86_64, r-release-windows-ix86+x86_64, r-oldrel-windows-ix86+x86_64

Version: 1.2.0
Check: compiled code
Result: NOTE
    File 'xml2/libs/i386/xml2.dll':
     Found non-API calls to R: 'R_GetConnection', 'R_WriteConnection'
    File 'xml2/libs/x64/xml2.dll':
     Found non-API calls to R: 'R_GetConnection', 'R_WriteConnection'
    
    Compiled code should not call non-API entry points in R.
    
    See 'Writing portable packages' in the 'Writing R Extensions' manual.
Flavors: r-devel-windows-ix86+x86_64, r-release-windows-ix86+x86_64