CRAN Package Check Results for Package xopen

Last updated on 2021-12-08 06:51:32 CET.

Flavor Version Tinstall Tcheck Ttotal Status Flags
r-devel-linux-x86_64-debian-clang 1.0.0 1.83 29.81 31.64 NOTE
r-devel-linux-x86_64-debian-gcc 1.0.0 1.52 24.08 25.60 NOTE
r-devel-linux-x86_64-fedora-clang 1.0.0 43.11 NOTE
r-devel-linux-x86_64-fedora-gcc 1.0.0 29.14 NOTE
r-devel-windows-x86_64-new-UL 1.0.0 6.00 56.00 62.00 NOTE
r-devel-windows-x86_64-new-TK 1.0.0 NOTE
r-devel-windows-x86_64-old 1.0.0 4.00 34.00 38.00 NOTE
r-patched-linux-x86_64 1.0.0 1.83 28.84 30.67 NOTE
r-release-linux-x86_64 1.0.0 1.87 29.13 31.00 NOTE
r-release-macos-arm64 1.0.0 NOTE
r-release-macos-x86_64 1.0.0 NOTE
r-release-windows-ix86+x86_64 1.0.0 4.00 43.00 47.00 NOTE
r-oldrel-macos-x86_64 1.0.0 OK
r-oldrel-windows-ix86+x86_64 1.0.0 4.00 40.00 44.00 OK

Check Details

Version: 1.0.0
Check: LazyData
Result: NOTE
     'LazyData' is specified without a 'data' directory
Flavors: r-devel-linux-x86_64-debian-clang, r-devel-linux-x86_64-debian-gcc, r-devel-linux-x86_64-fedora-clang, r-devel-linux-x86_64-fedora-gcc, r-devel-windows-x86_64-new-UL, r-devel-windows-x86_64-new-TK, r-devel-windows-x86_64-old, r-patched-linux-x86_64, r-release-linux-x86_64, r-release-macos-arm64, r-release-macos-x86_64, r-release-windows-ix86+x86_64