CRAN Package Check Results for Package xportr

Last updated on 2022-12-05 20:53:24 CET.

Flavor Version Tinstall Tcheck Ttotal Status Flags
r-devel-linux-x86_64-debian-clang 0.1.0 9.04 80.42 89.46 ERROR
r-devel-linux-x86_64-debian-gcc 0.1.0 6.97 58.82 65.79 ERROR
r-devel-linux-x86_64-fedora-clang 0.1.0 123.75 ERROR
r-devel-linux-x86_64-fedora-gcc 0.1.0 125.51 ERROR
r-devel-windows-x86_64 0.1.0 22.00 107.00 129.00 ERROR
r-patched-linux-x86_64 0.1.0 9.21 73.24 82.45 ERROR
r-release-linux-x86_64 0.1.0 7.58 72.45 80.03 ERROR
r-release-macos-arm64 0.1.0 34.00 OK
r-release-macos-x86_64 0.1.0 49.00 OK
r-release-windows-x86_64 0.1.0 27.00 108.00 135.00 ERROR
r-oldrel-macos-arm64 0.1.0 31.00 OK
r-oldrel-macos-x86_64 0.1.0 44.00 OK
r-oldrel-windows-ix86+x86_64 0.1.0 20.00 100.00 120.00 WARN

Check Details

Version: 0.1.0
Check: package dependencies
Result: NOTE
    Package suggested but not available for checking: 'admiral'
Flavors: r-devel-linux-x86_64-debian-clang, r-devel-linux-x86_64-debian-gcc, r-devel-linux-x86_64-fedora-clang, r-devel-linux-x86_64-fedora-gcc, r-patched-linux-x86_64, r-release-linux-x86_64

Version: 0.1.0
Check: re-building of vignette outputs
Result: ERROR
    Error(s) in re-building vignettes:
     ...
    --- re-building 'xportr.Rmd' using rmarkdown
    
    Attaching package: 'dplyr'
    
    The following objects are masked from 'package:stats':
    
     filter, lag
    
    The following objects are masked from 'package:base':
    
     intersect, setdiff, setequal, union
    
    Quitting from lines 60-68 (xportr.Rmd)
    Error: processing vignette 'xportr.Rmd' failed with diagnostics:
    there is no package called 'admiral'
    --- failed re-building 'xportr.Rmd'
    
    SUMMARY: processing the following file failed:
     'xportr.Rmd'
    
    Error: Vignette re-building failed.
    Execution halted
Flavors: r-devel-linux-x86_64-debian-clang, r-devel-linux-x86_64-debian-gcc, r-patched-linux-x86_64, r-release-linux-x86_64

Version: 0.1.0
Check: re-building of vignette outputs
Result: ERROR
    Error(s) in re-building vignettes:
    --- re-building ‘xportr.Rmd’ using rmarkdown
    
    Attaching package: 'dplyr'
    
    The following objects are masked from 'package:stats':
    
     filter, lag
    
    The following objects are masked from 'package:base':
    
     intersect, setdiff, setequal, union
    
    Quitting from lines 60-68 (xportr.Rmd)
    Error: processing vignette 'xportr.Rmd' failed with diagnostics:
    there is no package called 'admiral'
    --- failed re-building ‘xportr.Rmd’
    
    SUMMARY: processing the following file failed:
     ‘xportr.Rmd’
    
    Error: Vignette re-building failed.
    Execution halted
Flavors: r-devel-linux-x86_64-fedora-clang, r-devel-linux-x86_64-fedora-gcc

Version: 0.1.0
Check: re-building of vignette outputs
Result: ERROR
    Error(s) in re-building vignettes:
    --- re-building 'xportr.Rmd' using rmarkdown
    
    Attaching package: 'dplyr'
    
    The following objects are masked from 'package:stats':
    
     filter, lag
    
    The following objects are masked from 'package:base':
    
     intersect, setdiff, setequal, union
    
    Quitting from lines 60-68 (xportr.Rmd)
    Error: processing vignette 'xportr.Rmd' failed with diagnostics:
    package or namespace load failed for 'admiral' in namespaceExport(ns, exports):
     undefined exports: negate_vars
    --- failed re-building 'xportr.Rmd'
    
    SUMMARY: processing the following file failed:
     'xportr.Rmd'
    
    Error: Vignette re-building failed.
    Execution halted
Flavors: r-devel-windows-x86_64, r-release-windows-x86_64

Version: 0.1.0
Check: re-building of vignette outputs
Result: WARN
    Error(s) in re-building vignettes:
    --- re-building 'xportr.Rmd' using rmarkdown
    
    Attaching package: 'dplyr'
    
    The following objects are masked from 'package:stats':
    
     filter, lag
    
    The following objects are masked from 'package:base':
    
     intersect, setdiff, setequal, union
    
    Quitting from lines 60-68 (xportr.Rmd)
    Error: processing vignette 'xportr.Rmd' failed with diagnostics:
    package or namespace load failed for 'admiral' in namespaceExport(ns, exports):
     undefined exports: negate_vars
    --- failed re-building 'xportr.Rmd'
    
    SUMMARY: processing the following file failed:
     'xportr.Rmd'
    
    Error: Vignette re-building failed.
    Execution halted
Flavor: r-oldrel-windows-ix86+x86_64