CRAN Package Check Results for Package xseq

Last updated on 2018-11-20 13:46:46 CET.

Flavor Version Tinstall Tcheck Ttotal Status Flags
r-devel-linux-x86_64-debian-clang 0.2.1 6.24 152.29 158.53 OK
r-devel-linux-x86_64-debian-gcc 0.2.1 3.96 113.47 117.43 OK
r-devel-linux-x86_64-fedora-clang 0.2.1 198.16 NOTE
r-devel-linux-x86_64-fedora-gcc 0.2.1 193.10 NOTE
r-devel-windows-ix86+x86_64 0.2.1 15.00 193.00 208.00 OK
r-patched-linux-x86_64 0.2.1 4.78 144.31 149.09 OK
r-patched-solaris-x86 0.2.1 270.70 OK
r-release-linux-x86_64 0.2.1 5.30 147.20 152.50 OK
r-release-windows-ix86+x86_64 0.2.1 10.00 224.00 234.00 OK
r-release-osx-x86_64 0.2.1 OK
r-oldrel-windows-ix86+x86_64 0.2.1 11.00 258.00 269.00 OK
r-oldrel-osx-x86_64 0.2.1 OK

Check Details

Version: 0.2.1
Check: compiled code
Result: NOTE
    File ‘xseq/libs/xseq.so’:
     Found no call to: ‘R_useDynamicSymbols’
    
    It is good practice to register native routines and to disable symbol
    search.
    
    See ‘Writing portable packages’ in the ‘Writing R Extensions’ manual.
Flavors: r-devel-linux-x86_64-fedora-clang, r-devel-linux-x86_64-fedora-gcc