CRAN Package Check Results for Package xseq

Last updated on 2018-08-22 08:49:13 CEST.

Flavor Version Tinstall Tcheck Ttotal Status Flags
r-devel-linux-x86_64-debian-clang 0.2.1 4.75 151.53 156.28 NOTE
r-devel-linux-x86_64-debian-gcc 0.2.1 4.92 113.79 118.71 NOTE
r-devel-linux-x86_64-fedora-clang 0.2.1 199.82 NOTE
r-devel-linux-x86_64-fedora-gcc 0.2.1 206.12 NOTE
r-devel-windows-ix86+x86_64 0.2.1 11.00 206.00 217.00 OK
r-patched-linux-x86_64 0.2.1 5.07 142.53 147.60 NOTE
r-patched-solaris-x86 0.2.1 272.10 OK
r-release-linux-x86_64 0.2.1 5.37 143.83 149.20 NOTE
r-release-windows-ix86+x86_64 0.2.1 15.00 185.00 200.00 OK
r-release-osx-x86_64 0.2.1 OK
r-oldrel-windows-ix86+x86_64 0.2.1 8.00 275.00 283.00 OK
r-oldrel-osx-x86_64 0.2.1 OK

Check Details

Version: 0.2.1
Check: compiled code
Result: NOTE
    File ‘xseq/libs/xseq.so’:
     Found no call to: ‘R_useDynamicSymbols’
    
    It is good practice to register native routines and to disable symbol
    search.
    
    See ‘Writing portable packages’ in the ‘Writing R Extensions’ manual.
Flavors: r-devel-linux-x86_64-debian-clang, r-devel-linux-x86_64-debian-gcc, r-devel-linux-x86_64-fedora-clang, r-devel-linux-x86_64-fedora-gcc, r-patched-linux-x86_64, r-release-linux-x86_64