CRAN Package Check Results for Package xseq

Last updated on 2018-02-18 07:50:41 CET.

Flavor Version Tinstall Tcheck Ttotal Status Flags
r-devel-linux-x86_64-debian-clang 0.2.1 4.50 147.15 151.65 NOTE
r-devel-linux-x86_64-debian-gcc 0.2.1 5.12 106.87 111.99 NOTE
r-devel-windows-ix86+x86_64 0.2.1 11.00 178.00 189.00 OK
r-patched-linux-x86_64 0.2.1 2.02 156.27 158.29 NOTE
r-patched-solaris-x86 0.2.1 247.80 OK
r-release-linux-x86_64 0.2.1 2.38 153.25 155.63 NOTE
r-release-windows-ix86+x86_64 0.2.1 9.00 205.00 214.00 OK
r-release-osx-x86_64 0.2.1 ERROR
r-oldrel-windows-ix86+x86_64 0.2.1 7.00 258.00 265.00 OK
r-oldrel-osx-x86_64 0.2.1 OK

Check Details

Version: 0.2.1
Check: compiled code
Result: NOTE
    File ‘xseq/libs/xseq.so’:
     Found no call to: ‘R_useDynamicSymbols’
    
    It is good practice to register native routines and to disable symbol
    search.
    
    See ‘Writing portable packages’ in the ‘Writing R Extensions’ manual.
Flavors: r-devel-linux-x86_64-debian-clang, r-devel-linux-x86_64-debian-gcc, r-patched-linux-x86_64, r-release-linux-x86_64

Version: 0.2.1
Check: package dependencies
Result: ERROR
    Package required but not available: ‘impute’
    
    See section ‘The DESCRIPTION file’ in the ‘Writing R Extensions’
    manual.
Flavor: r-release-osx-x86_64