CRAN Package Check Results for Package xseq

Last updated on 2019-02-20 11:51:54 CET.

Flavor Version Tinstall Tcheck Ttotal Status Flags
r-devel-linux-x86_64-debian-clang 0.2.1 6.16 157.62 163.78 OK
r-devel-linux-x86_64-debian-gcc 0.2.1 4.73 114.32 119.05 OK
r-devel-linux-x86_64-fedora-clang 0.2.1 206.80 NOTE
r-devel-linux-x86_64-fedora-gcc 0.2.1 199.00 NOTE
r-devel-windows-ix86+x86_64 0.2.1 14.00 186.00 200.00 OK
r-patched-linux-x86_64 0.2.1 OK
r-patched-solaris-x86 0.2.1 264.50 OK
r-release-linux-x86_64 0.2.1 5.62 147.97 153.59 OK
r-release-windows-ix86+x86_64 0.2.1 9.00 233.00 242.00 OK
r-release-osx-x86_64 0.2.1 OK
r-oldrel-windows-ix86+x86_64 0.2.1 12.00 267.00 279.00 OK
r-oldrel-osx-x86_64 0.2.1 OK

Check Details

Version: 0.2.1
Check: compiled code
Result: NOTE
    File ‘xseq/libs/xseq.so’:
     Found no call to: ‘R_useDynamicSymbols’
    
    It is good practice to register native routines and to disable symbol
    search.
    
    See ‘Writing portable packages’ in the ‘Writing R Extensions’ manual.
Flavors: r-devel-linux-x86_64-fedora-clang, r-devel-linux-x86_64-fedora-gcc