CRAN Package Check Results for Package xslt

Last updated on 2022-05-25 06:54:46 CEST.

Flavor Version Tinstall Tcheck Ttotal Status Flags
r-devel-linux-x86_64-debian-clang 1.4.3 24.09 38.96 63.05 OK
r-devel-linux-x86_64-debian-gcc 1.4.3 20.36 31.24 51.60 OK
r-devel-linux-x86_64-fedora-clang 1.4.3 91.23 OK
r-devel-linux-x86_64-fedora-gcc 1.4.3 71.75 OK
r-devel-windows-x86_64 1.4.3 38.00 86.00 124.00 OK
r-patched-linux-x86_64 1.4.3 23.19 37.60 60.79 OK
r-release-linux-x86_64 1.4.3 OK
r-release-macos-arm64 1.4.3 23.00 OK
r-release-macos-x86_64 1.4.3 32.00 OK
r-release-windows-x86_64 1.4.3 51.00 85.00 136.00 OK
r-oldrel-macos-arm64 1.4.3 31.00 NOTE
r-oldrel-macos-x86_64 1.4.3 46.00 NOTE
r-oldrel-windows-ix86+x86_64 1.4.3 76.00 87.00 163.00 NOTE

Check Details

Version: 1.4.3
Check: installed package size
Result: NOTE
     installed size is 6.8Mb
     sub-directories of 1Mb or more:
     libs 6.6Mb
Flavors: r-oldrel-macos-arm64, r-oldrel-macos-x86_64, r-oldrel-windows-ix86+x86_64