Last updated on 2022-06-30 12:55:25 CEST.
Flavor | Version | Tinstall | Tcheck | Ttotal | Status | Flags |
---|---|---|---|---|---|---|
r-devel-linux-x86_64-debian-clang | 0.0.4 | 3.80 | 234.65 | 238.45 | NOTE | |
r-devel-linux-x86_64-debian-gcc | 0.0.4 | 3.00 | 177.19 | 180.19 | NOTE | |
r-devel-linux-x86_64-fedora-clang | 0.0.4 | 245.17 | NOTE | |||
r-devel-linux-x86_64-fedora-gcc | 0.0.4 | 285.00 | NOTE | |||
r-devel-windows-x86_64 | 0.0.4 | 29.00 | 334.00 | 363.00 | NOTE | |
r-patched-linux-x86_64 | 0.0.4 | 3.14 | 237.45 | 240.59 | NOTE | |
r-release-linux-x86_64 | 0.0.4 | 3.24 | 237.35 | 240.59 | NOTE | |
r-release-macos-arm64 | 0.0.4 | 117.00 | NOTE | |||
r-release-macos-x86_64 | 0.0.4 | 181.00 | NOTE | |||
r-release-windows-x86_64 | 0.0.4 | 37.00 | 312.00 | 349.00 | NOTE | |
r-oldrel-macos-arm64 | 0.0.4 | 192.00 | NOTE | |||
r-oldrel-macos-x86_64 | 0.0.4 | 204.00 | NOTE | |||
r-oldrel-windows-ix86+x86_64 | 0.0.4 | 9.00 | 343.00 | 352.00 | NOTE |
Version: 0.0.4
Check: LazyData
Result: NOTE
'LazyData' is specified without a 'data' directory
Flavors: r-devel-linux-x86_64-debian-clang, r-devel-linux-x86_64-debian-gcc, r-devel-linux-x86_64-fedora-clang, r-devel-linux-x86_64-fedora-gcc, r-devel-windows-x86_64, r-patched-linux-x86_64, r-release-linux-x86_64, r-release-macos-arm64, r-release-macos-x86_64, r-release-windows-x86_64, r-oldrel-macos-arm64, r-oldrel-macos-x86_64, r-oldrel-windows-ix86+x86_64