CRAN Package Check Results for Package xtable

Last updated on 2018-08-20 01:46:50 CEST.

Flavor Version Tinstall Tcheck Ttotal Status Flags
r-devel-linux-x86_64-debian-clang 1.8-2 1.69 42.56 44.25 WARN
r-devel-linux-x86_64-debian-gcc 1.8-2 1.72 34.12 35.84 WARN
r-devel-linux-x86_64-fedora-clang 1.8-2 30.02 WARN
r-devel-linux-x86_64-fedora-gcc 1.8-2 54.05 WARN
r-devel-windows-ix86+x86_64 1.8-2 7.00 67.00 74.00 WARN
r-patched-linux-x86_64 1.8-2 2.17 39.62 41.79 WARN
r-patched-solaris-x86 1.8-2 62.70 WARN
r-release-linux-x86_64 1.8-2 2.29 39.34 41.63 WARN
r-release-windows-ix86+x86_64 1.8-2 9.00 60.00 69.00 WARN
r-release-osx-x86_64 1.8-2 OK
r-oldrel-windows-ix86+x86_64 1.8-2 4.00 88.00 92.00 WARN
r-oldrel-osx-x86_64 1.8-2 WARN

Check Details

Version: 1.8-2
Check: re-building of vignette outputs
Result: WARN
    Error in re-building vignettes:
     ...
    Quitting from lines 248-261 (OtherPackagesGallery.Rnw)
    Error: processing vignette ‘OtherPackagesGallery.Rnw’ failed with diagnostics:
    argument "evalues" is missing, with no default
    Execution halted
Flavors: r-devel-linux-x86_64-debian-clang, r-devel-linux-x86_64-debian-gcc, r-devel-linux-x86_64-fedora-clang, r-devel-linux-x86_64-fedora-gcc, r-devel-windows-ix86+x86_64, r-patched-linux-x86_64, r-patched-solaris-x86, r-release-linux-x86_64, r-release-windows-ix86+x86_64, r-oldrel-windows-ix86+x86_64

Version: 1.8-2
Check: re-building of vignette outputs
Result: WARN
    Error in re-building vignettes:
     ...
    Warning: running command 'kpsewhich framed.sty' had status 1
    Warning in test_latex_pkg("framed", system.file("misc", "framed.sty", package = "knitr")) :
     unable to find LaTeX package 'framed'; will use a copy from knitr
    Error in texi2dvi(file = file, pdf = TRUE, clean = clean, quiet = quiet, :
     Running 'texi2dvi' on 'OtherPackagesGallery.tex' failed.
    LaTeX errors:
    ! LaTeX Error: File `titlesec.sty' not found.
    
    Type X to quit or <RETURN> to proceed,
    or enter new name. (Default extension: sty)
    
    ! Emergency stop.
    <read *>
    
    l.67 \usepackage
     {hyperref} % hyperref last^^M
    ! ==> Fatal error occurred, no output PDF file produced!
    Calls: buildVignettes -> texi2pdf -> texi2dvi
    Execution halted
Flavor: r-oldrel-osx-x86_64