CRAN Package Check Results for Package xtable

Last updated on 2022-09-25 21:55:05 CEST.

Flavor Version Tinstall Tcheck Ttotal Status Flags
r-devel-linux-x86_64-debian-clang 1.8-4 2.98 61.15 64.13 NOTE
r-devel-linux-x86_64-debian-gcc 1.8-4 2.14 48.03 50.17 NOTE
r-devel-linux-x86_64-fedora-clang 1.8-4 98.71 NOTE
r-devel-linux-x86_64-fedora-gcc 1.8-4 97.00 NOTE
r-devel-windows-x86_64 1.8-4 35.00 133.00 168.00 OK
r-patched-linux-x86_64 1.8-4 4.38 59.45 63.83 NOTE
r-release-linux-x86_64 1.8-4 3.58 59.28 62.86 NOTE
r-release-macos-arm64 1.8-4 40.00 OK
r-release-macos-x86_64 1.8-4 61.00 OK
r-release-windows-x86_64 1.8-4 19.00 136.00 155.00 OK
r-oldrel-macos-arm64 1.8-4 52.00 OK
r-oldrel-macos-x86_64 1.8-4 74.00 OK
r-oldrel-windows-ix86+x86_64 1.8-4 11.00 110.00 121.00 OK

Check Details

Version: 1.8-4
Check: for non-standard things in the check directory
Result: NOTE
    Found the following files/directories:
     'xtable.html' 'xtable.tex'
Flavors: r-devel-linux-x86_64-debian-clang, r-devel-linux-x86_64-debian-gcc, r-devel-linux-x86_64-fedora-clang, r-devel-linux-x86_64-fedora-gcc, r-patched-linux-x86_64, r-release-linux-x86_64