CRAN Package Check Results for Package xtable

Last updated on 2018-05-20 20:48:17 CEST.

Flavor Version Tinstall Tcheck Ttotal Status Flags
r-devel-linux-x86_64-debian-clang 1.8-2 1.89 56.35 58.24 OK
r-devel-linux-x86_64-debian-gcc 1.8-2 1.48 43.45 44.93 OK
r-devel-linux-x86_64-fedora-clang 1.8-2 73.44 OK
r-devel-linux-x86_64-fedora-gcc 1.8-2 69.73 OK
r-devel-windows-ix86+x86_64 1.8-2 10.00 111.00 121.00 OK
r-patched-linux-x86_64 1.8-2 1.80 53.21 55.01 OK
r-patched-solaris-x86 1.8-2 99.10 OK
r-release-linux-x86_64 1.8-2 2.15 52.78 54.93 OK
r-release-windows-ix86+x86_64 1.8-2 6.00 81.00 87.00 OK
r-release-osx-x86_64 1.8-2 OK
r-oldrel-windows-ix86+x86_64 1.8-2 3.00 94.00 97.00 OK
r-oldrel-osx-x86_64 1.8-2 WARN

Check Details

Version: 1.8-2
Check: re-building of vignette outputs
Result: WARN
    Error in re-building vignettes:
     ...
    Warning: running command 'kpsewhich framed.sty' had status 1
    Warning in test_latex_pkg("framed", system.file("misc", "framed.sty", package = "knitr")) :
     unable to find LaTeX package 'framed'; will use a copy from knitr
    Error in texi2dvi(file = file, pdf = TRUE, clean = clean, quiet = quiet, :
     Running 'texi2dvi' on 'OtherPackagesGallery.tex' failed.
    LaTeX errors:
    ! LaTeX Error: File `titlesec.sty' not found.
    
    Type X to quit or <RETURN> to proceed,
    or enter new name. (Default extension: sty)
    
    ! Emergency stop.
    <read *>
    
    l.67 \usepackage
     {hyperref} % hyperref last^^M
    ! ==> Fatal error occurred, no output PDF file produced!
    Calls: buildVignettes -> texi2pdf -> texi2dvi
    Execution halted
Flavor: r-oldrel-osx-x86_64