CRAN Package Check Results for Package yamlet

Last updated on 2024-02-28 15:49:41 CET.

Flavor Version Tinstall Tcheck Ttotal Status Flags
r-devel-linux-x86_64-debian-clang 1.0.0 13.96 233.18 247.14 OK
r-devel-linux-x86_64-debian-gcc 1.0.0 10.82 169.12 179.94 OK
r-devel-linux-x86_64-fedora-clang 1.0.0 312.62 OK
r-devel-linux-x86_64-fedora-gcc 1.0.0 328.07 OK
r-devel-windows-x86_64 1.0.0 14.00 249.00 263.00 OK
r-patched-linux-x86_64 1.0.0 23.76 226.64 250.40 OK
r-release-linux-x86_64 1.0.0 9.11 223.28 232.39 OK
r-release-macos-arm64 1.0.0 102.00 OK
r-release-macos-x86_64 1.0.0 213.00 OK
r-release-windows-x86_64 1.0.0 19.00 309.00 328.00 OK
r-oldrel-macos-arm64 1.0.0 10.00 ERROR
r-oldrel-windows-x86_64 1.0.0 20.00 262.00 282.00 OK

Check Details

Version: 1.0.0
Check: package dependencies
Result: ERROR Package required and available but unsuitable version: ‘spork’ See section ‘The DESCRIPTION file’ in the ‘Writing R Extensions’ manual. Flavor: r-oldrel-macos-arm64