CRAN Package Check Results for Package yesno

Last updated on 2024-07-14 03:55:25 CEST.

Flavor Version Tinstall Tcheck Ttotal Status Flags
r-devel-linux-x86_64-debian-clang 0.1.2 1.92 23.39 25.31 NOTE
r-devel-linux-x86_64-debian-gcc 0.1.2 1.58 18.59 20.17 NOTE
r-devel-linux-x86_64-fedora-clang 0.1.2 32.53 NOTE
r-devel-linux-x86_64-fedora-gcc 0.1.2 30.62 NOTE
r-devel-windows-x86_64 0.1.2 3.00 44.00 47.00 NOTE
r-patched-linux-x86_64 0.1.2 1.80 22.86 24.66 NOTE
r-release-linux-x86_64 0.1.2 1.69 22.74 24.43 NOTE
r-release-macos-arm64 0.1.2 14.00 NOTE
r-release-macos-x86_64 0.1.2 21.00 NOTE
r-release-windows-x86_64 0.1.2 3.00 47.00 50.00 NOTE
r-oldrel-macos-arm64 0.1.2 17.00 NOTE
r-oldrel-macos-x86_64 0.1.2 21.00 NOTE
r-oldrel-windows-x86_64 0.1.2 3.00 46.00 49.00 NOTE

Check Details

Version: 0.1.2
Check: LazyData
Result: NOTE 'LazyData' is specified without a 'data' directory Flavors: r-devel-linux-x86_64-debian-clang, r-devel-linux-x86_64-debian-gcc, r-devel-linux-x86_64-fedora-clang, r-devel-linux-x86_64-fedora-gcc, r-devel-windows-x86_64, r-patched-linux-x86_64, r-release-linux-x86_64, r-release-macos-arm64, r-release-macos-x86_64, r-release-windows-x86_64, r-oldrel-macos-arm64, r-oldrel-macos-x86_64, r-oldrel-windows-x86_64