CRAN Package Check Results for Package ykmeans

Last updated on 2020-02-24 14:48:21 CET.

Flavor Version Tinstall Tcheck Ttotal Status Flags
r-devel-linux-x86_64-debian-clang 1.0 2.46 25.01 27.47 NOTE
r-devel-linux-x86_64-debian-gcc 1.0 2.08 20.01 22.09 NOTE
r-devel-linux-x86_64-fedora-clang 1.0 36.38 NOTE
r-devel-linux-x86_64-fedora-gcc 1.0 32.65 NOTE
r-devel-windows-ix86+x86_64 1.0 7.00 45.00 52.00 NOTE
r-devel-windows-ix86+x86_64-gcc8 1.0 10.00 38.00 48.00 NOTE
r-patched-linux-x86_64 1.0 NOTE
r-patched-solaris-x86 1.0 50.00 NOTE
r-release-linux-x86_64 1.0 1.99 22.99 24.98 NOTE
r-release-windows-ix86+x86_64 1.0 6.00 41.00 47.00 NOTE
r-release-osx-x86_64 1.0 NOTE
r-oldrel-windows-ix86+x86_64 1.0 3.00 40.00 43.00 NOTE
r-oldrel-osx-x86_64 1.0 NOTE

Check Details

Version: 1.0
Check: R code for possible problems
Result: NOTE
    kmeansN: no visible global function definition for 'kmeans'
    kmeansN: no visible global function definition for 'aggregate'
    kmeansN2: no visible global function definition for 'aggregate'
    kmeansN2: no visible binding for global variable 'sd'
    Undefined global functions or variables:
     aggregate kmeans sd
    Consider adding
     importFrom("stats", "aggregate", "kmeans", "sd")
    to your NAMESPACE file.
Flavors: r-devel-linux-x86_64-debian-clang, r-devel-linux-x86_64-debian-gcc, r-devel-linux-x86_64-fedora-clang, r-devel-linux-x86_64-fedora-gcc, r-devel-windows-ix86+x86_64, r-devel-windows-ix86+x86_64-gcc8, r-patched-linux-x86_64, r-patched-solaris-x86, r-release-linux-x86_64, r-release-windows-ix86+x86_64, r-release-osx-x86_64, r-oldrel-windows-ix86+x86_64, r-oldrel-osx-x86_64