CRAN Package Check Results for Package ykmeans

Last updated on 2019-09-23 14:47:38 CEST.

Flavor Version Tinstall Tcheck Ttotal Status Flags
r-devel-linux-x86_64-debian-clang 1.0 2.38 22.92 25.30 NOTE
r-devel-linux-x86_64-debian-gcc 1.0 1.90 18.84 20.74 NOTE
r-devel-linux-x86_64-fedora-clang 1.0 32.46 NOTE
r-devel-linux-x86_64-fedora-gcc 1.0 32.31 NOTE
r-devel-windows-ix86+x86_64 1.0 12.00 40.00 52.00 NOTE
r-patched-linux-x86_64 1.0 1.86 22.62 24.48 NOTE
r-patched-solaris-x86 1.0 49.20 NOTE
r-release-linux-x86_64 1.0 1.99 22.84 24.83 NOTE
r-release-windows-ix86+x86_64 1.0 8.00 58.00 66.00 NOTE
r-release-osx-x86_64 1.0 NOTE
r-oldrel-windows-ix86+x86_64 1.0 3.00 40.00 43.00 NOTE
r-oldrel-osx-x86_64 1.0 NOTE

Check Details

Version: 1.0
Check: R code for possible problems
Result: NOTE
    kmeansN: no visible global function definition for 'kmeans'
    kmeansN: no visible global function definition for 'aggregate'
    kmeansN2: no visible global function definition for 'aggregate'
    kmeansN2: no visible binding for global variable 'sd'
    Undefined global functions or variables:
     aggregate kmeans sd
    Consider adding
     importFrom("stats", "aggregate", "kmeans", "sd")
    to your NAMESPACE file.
Flavors: r-devel-linux-x86_64-debian-clang, r-devel-linux-x86_64-debian-gcc, r-devel-linux-x86_64-fedora-clang, r-devel-linux-x86_64-fedora-gcc, r-devel-windows-ix86+x86_64, r-patched-linux-x86_64, r-patched-solaris-x86, r-release-linux-x86_64, r-release-windows-ix86+x86_64, r-release-osx-x86_64, r-oldrel-windows-ix86+x86_64, r-oldrel-osx-x86_64