CRAN Package Check Results for Package yll

Last updated on 2022-05-29 00:50:39 CEST.

Flavor Version Tinstall Tcheck Ttotal Status Flags
r-devel-linux-x86_64-debian-clang 1.0.0 1.85 30.94 32.79 NOTE
r-devel-linux-x86_64-debian-gcc 1.0.0 1.56 24.28 25.84 NOTE
r-devel-linux-x86_64-fedora-clang 1.0.0 40.15 NOTE
r-devel-linux-x86_64-fedora-gcc 1.0.0 29.04 NOTE
r-devel-windows-x86_64 1.0.0 9.00 47.00 56.00 NOTE
r-patched-linux-x86_64 1.0.0 1.88 30.22 32.10 NOTE
r-release-linux-x86_64 1.0.0 1.88 29.70 31.58 NOTE
r-release-macos-arm64 1.0.0 13.00 NOTE
r-release-macos-x86_64 1.0.0 19.00 NOTE
r-release-windows-x86_64 1.0.0 10.00 47.00 57.00 NOTE
r-oldrel-macos-arm64 1.0.0 17.00 NOTE
r-oldrel-macos-x86_64 1.0.0 23.00 NOTE
r-oldrel-windows-ix86+x86_64 1.0.0 5.00 41.00 46.00 NOTE

Check Details

Version: 1.0.0
Check: LazyData
Result: NOTE
     'LazyData' is specified without a 'data' directory
Flavors: r-devel-linux-x86_64-debian-clang, r-devel-linux-x86_64-debian-gcc, r-devel-linux-x86_64-fedora-clang, r-devel-linux-x86_64-fedora-gcc, r-devel-windows-x86_64, r-patched-linux-x86_64, r-release-linux-x86_64, r-release-macos-arm64, r-release-macos-x86_64, r-release-windows-x86_64, r-oldrel-macos-arm64, r-oldrel-macos-x86_64, r-oldrel-windows-ix86+x86_64