CRAN Package Check Results for Package zCompositions

Last updated on 2020-02-20 20:48:44 CET.

Flavor Version Tinstall Tcheck Ttotal Status Flags
r-devel-linux-x86_64-debian-clang 1.3.3-1 12.95 76.62 89.57 ERROR
r-devel-linux-x86_64-debian-gcc 1.3.3-1 8.41 75.06 83.47 OK
r-devel-linux-x86_64-fedora-clang 1.3.3-1 119.93 OK
r-devel-linux-x86_64-fedora-gcc 1.3.3-1 112.96 OK
r-devel-windows-ix86+x86_64 1.3.3-1 16.00 116.00 132.00 OK
r-devel-windows-ix86+x86_64-gcc8 1.3.3-1 28.00 110.00 138.00 OK
r-patched-linux-x86_64 1.3.3-1 9.98 87.66 97.64 OK
r-patched-solaris-x86 1.3.3-1 171.00 OK
r-release-linux-x86_64 1.3.3-1 9.56 86.64 96.20 OK
r-release-windows-ix86+x86_64 1.3.3-1 15.00 107.00 122.00 OK
r-release-osx-x86_64 1.3.3-1 OK
r-oldrel-windows-ix86+x86_64 1.3.3-1 10.00 104.00 114.00 OK
r-oldrel-osx-x86_64 1.3.3-1 OK

Check Details

Version: 1.3.3-1
Check: examples
Result: ERROR
    Running examples in 'zCompositions-Ex.R' failed
    The error most likely occurred in:
    
    > base::assign(".ptime", proc.time(), pos = "CheckExEnv")
    > ### Name: LPdata
    > ### Title: La Paloma data set
    > ### Aliases: LPdata
    > ### Keywords: datasets
    >
    > ### ** Examples
    >
    > data(LPdata)
    >
    > zPatterns(LPdata,label=0)
    Error in data.frame(Pattern = names(table(miss$pat)), ID = 1:nlevels(miss$pat)) :
     arguments imply differing number of rows: 11, 2
    Calls: zPatterns -> data.frame
    Execution halted
Flavor: r-devel-linux-x86_64-debian-clang