CRAN Package Check Results for Package zeallot

Last updated on 2019-03-24 03:47:37 CET.

Flavor Version Tinstall Tcheck Ttotal Status Flags
r-devel-linux-x86_64-debian-clang 0.1.0 1.63 22.41 24.04 OK
r-devel-linux-x86_64-debian-gcc 0.1.0 1.51 18.26 19.77 OK
r-devel-linux-x86_64-fedora-clang 0.1.0 29.72 OK
r-devel-linux-x86_64-fedora-gcc 0.1.0 28.06 OK
r-devel-windows-ix86+x86_64 0.1.0 10.00 50.00 60.00 OK
r-patched-linux-x86_64 0.1.0 0.80 21.59 22.39 OK
r-patched-solaris-x86 0.1.0 40.80 OK
r-release-linux-x86_64 0.1.0 0.35 2.24 2.59 ERROR
r-release-windows-ix86+x86_64 0.1.0 3.00 36.00 39.00 OK
r-release-osx-x86_64 0.1.0 OK
r-oldrel-windows-ix86+x86_64 0.1.0 2.00 47.00 49.00 OK
r-oldrel-osx-x86_64 0.1.0 OK

Check Details

Version: 0.1.0
Check: whether package can be installed
Result: ERROR
    Installation failed.
Flavor: r-release-linux-x86_64