CRAN Package Check Results for Package zebu

Last updated on 2020-02-18 06:47:51 CET.

Flavor Version Tinstall Tcheck Ttotal Status Flags
r-devel-linux-x86_64-debian-clang 0.1.2 2.52 55.18 57.70 NOTE
r-devel-linux-x86_64-debian-gcc 0.1.2 2.25 40.56 42.81 NOTE
r-devel-linux-x86_64-fedora-clang 0.1.2 72.54 NOTE
r-devel-linux-x86_64-fedora-gcc 0.1.2 66.19 NOTE
r-devel-windows-ix86+x86_64 0.1.2 9.00 71.00 80.00 NOTE
r-devel-windows-ix86+x86_64-gcc8 0.1.2 13.00 62.00 75.00 NOTE
r-patched-linux-x86_64 0.1.2 2.39 48.74 51.13 NOTE
r-patched-solaris-x86 0.1.2 84.10 NOTE
r-release-linux-x86_64 0.1.2 2.72 48.34 51.06 NOTE
r-release-windows-ix86+x86_64 0.1.2 6.00 67.00 73.00 NOTE
r-release-osx-x86_64 0.1.2 OK
r-oldrel-windows-ix86+x86_64 0.1.2 5.00 62.00 67.00 NOTE
r-oldrel-osx-x86_64 0.1.2 OK

Check Details

Version: 0.1.2
Check: dependencies in R code
Result: NOTE
    Missing or unexported object: 'devtools::use_data'
Flavors: r-devel-linux-x86_64-debian-clang, r-devel-linux-x86_64-debian-gcc, r-devel-linux-x86_64-fedora-clang, r-devel-linux-x86_64-fedora-gcc, r-devel-windows-ix86+x86_64, r-devel-windows-ix86+x86_64-gcc8, r-patched-linux-x86_64, r-patched-solaris-x86, r-release-linux-x86_64, r-release-windows-ix86+x86_64, r-oldrel-windows-ix86+x86_64

Version: 0.1.2
Check: for non-standard things in the check directory
Result: NOTE
    Found the following files/directories:
     'test.csv'
Flavors: r-devel-linux-x86_64-debian-clang, r-devel-linux-x86_64-debian-gcc, r-devel-linux-x86_64-fedora-clang, r-devel-linux-x86_64-fedora-gcc