CRAN Package Check Results for Package zebu

Last updated on 2019-09-23 14:47:38 CEST.

Flavor Version Tinstall Tcheck Ttotal Status Flags
r-devel-linux-x86_64-debian-clang 0.1.2 2.34 50.77 53.11 NOTE
r-devel-linux-x86_64-debian-gcc 0.1.2 2.06 37.54 39.60 NOTE
r-devel-linux-x86_64-fedora-clang 0.1.2 65.60 NOTE
r-devel-linux-x86_64-fedora-gcc 0.1.2 62.52 NOTE
r-devel-windows-ix86+x86_64 0.1.2 17.00 64.00 81.00 NOTE
r-patched-linux-x86_64 0.1.2 2.40 47.02 49.42 NOTE
r-patched-solaris-x86 0.1.2 81.10 NOTE
r-release-linux-x86_64 0.1.2 2.45 48.31 50.76 NOTE
r-release-windows-ix86+x86_64 0.1.2 9.00 90.00 99.00 NOTE
r-release-osx-x86_64 0.1.2 OK
r-oldrel-windows-ix86+x86_64 0.1.2 5.00 61.00 66.00 NOTE
r-oldrel-osx-x86_64 0.1.2 OK

Check Details

Version: 0.1.2
Check: dependencies in R code
Result: NOTE
    Missing or unexported object: 'devtools::use_data'
Flavors: r-devel-linux-x86_64-debian-clang, r-devel-linux-x86_64-debian-gcc, r-devel-linux-x86_64-fedora-clang, r-devel-linux-x86_64-fedora-gcc, r-devel-windows-ix86+x86_64, r-patched-linux-x86_64, r-patched-solaris-x86, r-release-linux-x86_64, r-release-windows-ix86+x86_64, r-oldrel-windows-ix86+x86_64

Version: 0.1.2
Check: for non-standard things in the check directory
Result: NOTE
    Found the following files/directories:
     'test.csv'
Flavors: r-devel-linux-x86_64-debian-clang, r-devel-linux-x86_64-debian-gcc, r-devel-linux-x86_64-fedora-clang, r-devel-linux-x86_64-fedora-gcc