CRAN Package Check Results for Package zeitgebr

Last updated on 2021-05-09 18:47:04 CEST.

Flavor Version Tinstall Tcheck Ttotal Status Flags
r-devel-linux-x86_64-debian-clang 0.3.5 4.08 276.92 281.00 OK
r-devel-linux-x86_64-debian-gcc 0.3.5 2.92 175.01 177.93 OK
r-devel-linux-x86_64-fedora-clang 0.3.5 315.26 OK
r-devel-linux-x86_64-fedora-gcc 0.3.5 261.46 OK
r-devel-windows-ix86+x86_64 0.3.5 7.00 190.00 197.00 OK
r-devel-windows-x86_64-gcc10-UCRT 0.3.5 OK
r-patched-linux-x86_64 0.3.5 5.34 210.62 215.96 OK
r-patched-solaris-x86 0.3.5 239.60 OK
r-release-linux-x86_64 0.3.5 3.95 218.18 222.13 OK
r-release-macos-x86_64 0.3.5 OK
r-release-windows-ix86+x86_64 0.3.5 7.00 129.00 136.00 OK
r-oldrel-macos-x86_64 0.3.5 OK
r-oldrel-windows-ix86+x86_64 0.3.5 6.00 5.00 11.00 ERROR

Check Details

Version: 0.3.5
Check: whether package can be installed
Result: ERROR
    Installation failed.
Flavor: r-oldrel-windows-ix86+x86_64