CRAN Package Check Results for Package zendeskR

Last updated on 2019-08-24 11:47:02 CEST.

Flavor Version Tinstall Tcheck Ttotal Status Flags
r-devel-linux-x86_64-debian-clang 0.4 2.82 23.92 26.74 NOTE
r-devel-linux-x86_64-debian-gcc 0.4 2.13 19.66 21.79 NOTE
r-devel-linux-x86_64-fedora-clang 0.4 32.23 NOTE
r-devel-linux-x86_64-fedora-gcc 0.4 35.96 NOTE
r-devel-windows-ix86+x86_64 0.4 9.00 89.00 98.00 NOTE
r-patched-linux-x86_64 0.4 2.46 23.83 26.29 NOTE
r-patched-solaris-x86 0.4 53.00 NOTE
r-release-linux-x86_64 0.4 2.59 24.20 26.79 NOTE
r-release-windows-ix86+x86_64 0.4 9.00 56.00 65.00 NOTE
r-release-osx-x86_64 0.4 NOTE
r-oldrel-windows-ix86+x86_64 0.4 3.00 56.00 59.00 NOTE
r-oldrel-osx-x86_64 0.4 NOTE

Check Details

Version: 0.4
Check: DESCRIPTION meta-information
Result: NOTE
    Malformed Description field: should contain one or more complete sentences.
Flavors: r-devel-linux-x86_64-debian-clang, r-devel-linux-x86_64-debian-gcc, r-devel-linux-x86_64-fedora-clang, r-devel-linux-x86_64-fedora-gcc, r-devel-windows-ix86+x86_64, r-patched-linux-x86_64, r-patched-solaris-x86, r-release-linux-x86_64, r-release-windows-ix86+x86_64, r-release-osx-x86_64, r-oldrel-windows-ix86+x86_64, r-oldrel-osx-x86_64