CRAN Package Check Results for Package zendeskR

Last updated on 2019-02-20 16:50:05 CET.

Flavor Version Tinstall Tcheck Ttotal Status Flags
r-devel-linux-x86_64-debian-clang 0.4 2.01 23.97 25.98 NOTE
r-devel-linux-x86_64-debian-gcc 0.4 1.35 19.60 20.95 NOTE
r-devel-linux-x86_64-fedora-clang 0.4 32.44 NOTE
r-devel-linux-x86_64-fedora-gcc 0.4 30.30 NOTE
r-devel-windows-ix86+x86_64 0.4 5.00 39.00 44.00 NOTE
r-patched-linux-x86_64 0.4 NOTE
r-patched-solaris-x86 0.4 46.40 NOTE
r-release-linux-x86_64 0.4 NOTE
r-release-windows-ix86+x86_64 0.4 5.00 60.00 65.00 NOTE
r-release-osx-x86_64 0.4 NOTE
r-oldrel-windows-ix86+x86_64 0.4 4.00 32.00 36.00 NOTE
r-oldrel-osx-x86_64 0.4 NOTE

Check Details

Version: 0.4
Check: DESCRIPTION meta-information
Result: NOTE
    Malformed Description field: should contain one or more complete sentences.
Flavors: r-devel-linux-x86_64-debian-clang, r-devel-linux-x86_64-debian-gcc, r-devel-linux-x86_64-fedora-clang, r-devel-linux-x86_64-fedora-gcc, r-devel-windows-ix86+x86_64, r-patched-linux-x86_64, r-patched-solaris-x86, r-release-linux-x86_64, r-release-windows-ix86+x86_64, r-release-osx-x86_64, r-oldrel-windows-ix86+x86_64, r-oldrel-osx-x86_64