CRAN Package Check Results for Package zendeskR

Last updated on 2019-04-20 12:51:21 CEST.

Flavor Version Tinstall Tcheck Ttotal Status Flags
r-devel-linux-x86_64-debian-clang 0.4 2.37 23.67 26.04 NOTE
r-devel-linux-x86_64-debian-gcc 0.4 2.73 21.91 24.64 NOTE
r-devel-linux-x86_64-fedora-clang 0.4 31.65 NOTE
r-devel-linux-x86_64-fedora-gcc 0.4 30.04 NOTE
r-devel-windows-ix86+x86_64 0.4 5.00 38.00 43.00 NOTE
r-patched-linux-x86_64 0.4 2.34 24.27 26.61 NOTE
r-patched-solaris-x86 0.4 52.20 NOTE
r-release-linux-x86_64 0.4 1.32 22.83 24.15 NOTE
r-release-windows-ix86+x86_64 0.4 3.00 39.00 42.00 NOTE
r-release-osx-x86_64 0.4 NOTE
r-oldrel-windows-ix86+x86_64 0.4 5.00 32.00 37.00 NOTE
r-oldrel-osx-x86_64 0.4 NOTE

Check Details

Version: 0.4
Check: DESCRIPTION meta-information
Result: NOTE
    Malformed Description field: should contain one or more complete sentences.
Flavors: r-devel-linux-x86_64-debian-clang, r-devel-linux-x86_64-debian-gcc, r-devel-linux-x86_64-fedora-clang, r-devel-linux-x86_64-fedora-gcc, r-devel-windows-ix86+x86_64, r-patched-linux-x86_64, r-patched-solaris-x86, r-release-linux-x86_64, r-release-windows-ix86+x86_64, r-release-osx-x86_64, r-oldrel-windows-ix86+x86_64, r-oldrel-osx-x86_64