CRAN Package Check Results for Package zenplots

Last updated on 2022-06-28 09:50:05 CEST.

Flavor Version Tinstall Tcheck Ttotal Status Flags
r-devel-linux-x86_64-debian-clang 1.0.4 11.59 133.05 144.64 OK
r-devel-linux-x86_64-debian-gcc 1.0.4 10.28 103.79 114.07 OK
r-devel-linux-x86_64-fedora-clang 1.0.4 191.95 WARN
r-devel-linux-x86_64-fedora-gcc 1.0.4 192.07 WARN
r-devel-windows-x86_64 1.0.4 82.00 188.00 270.00 OK
r-patched-linux-x86_64 1.0.4 21.90 132.95 154.85 OK
r-release-linux-x86_64 1.0.4 13.62 136.14 149.76 OK
r-release-macos-arm64 1.0.4 92.00 OK
r-release-macos-x86_64 1.0.4 116.00 OK
r-release-windows-x86_64 1.0.4 84.00 194.00 278.00 OK
r-oldrel-macos-arm64 1.0.4 124.00 OK
r-oldrel-macos-x86_64 1.0.4 115.00 OK
r-oldrel-windows-ix86+x86_64 1.0.4 27.00 224.00 251.00 OK

Check Details

Version: 1.0.4
Check: package dependencies
Result: WARN
    Requires (indirectly) orphaned package: ‘gtools’
Flavors: r-devel-linux-x86_64-fedora-clang, r-devel-linux-x86_64-fedora-gcc